{"id":1284,"date":"2016-12-05T14:26:02","date_gmt":"2016-12-05T14:26:02","guid":{"rendered":"https:\/\/depeco.econo.unlp.edu.ar\/?page_id=1284"},"modified":"2025-12-18T17:33:03","modified_gmt":"2025-12-18T17:33:03","slug":"doctorado-en-economia","status":"publish","type":"page","link":"https:\/\/depeco.econo.unlp.edu.ar\/?page_id=1284","title":{"rendered":"DOCTORADO EN ECONOM\u00cdA"},"content":{"rendered":"<p>[vc_row][vc_column][vc_single_image image=\u00bb4106&#8243; img_size=\u00bbfull\u00bb][\/vc_column][\/vc_row][vc_row][vc_column]<div style=\"clear:both; width:100%; height:20px\"><\/div><div class=\"dt-title-wrapper\"><h1 class=\"section-title\">DOCTORADO EN ECONOM\u00cdA<\/h1><\/div><div style=\"clear:both; width:100%; height:20px\"><\/div>[vc_single_image image=\u00bb4415&#8243; img_size=\u00bblarge\u00bb alignment=\u00bbcenter\u00bb][vc_message]<\/p>\n<p style=\"text-align: center;\">Entrevista al director del Doctorado, Dr. Guido Porto, para la 28\u00ba edici\u00f3n de la revista Econo.\u00a0<a href=\"https:\/\/revistas.unlp.edu.ar\/econo\/article\/view\/17069\" target=\"_blank\" rel=\"noopener\">Ir al art\u00edculo<\/a>.<\/p>\n<p>[\/vc_message][\/vc_column][\/vc_row][vc_row dt_row_type=\u00bbin_container\u00bb][vc_column][vc_column_text]<\/p>\n<h2>ACERCA DE<\/h2>\n<p>El doctorado en Economia fue aprobado por el Consejo Academico de la Facultad de Ciencias Economicas el 20 de Octubre de 1999 por Ordenanza Nro. 129\/99. Recibio la aprobacion por parte del Consejo Superior de la Universidad Nacional de La Plata el 1ro. de Septiembre de 2000. La CONEAU por Resolucion 888\/12 acredito y categorizo la carrera. Por Resolucion Nro. 348\/04 del Ministerio de Educacion, Ciencia y Tecnologia, el titulo de Doctor en Economia de la Universidad Nacional de La Plata tiene reconocimiento oficial y validez nacional.[\/vc_column_text][\/vc_column][\/vc_row][vc_row dt_row_type=\u00bbin_container\u00bb][vc_column width=\u00bb1\/3&#8243;][vc_column_text]<\/p>\n<h1>OBJETIVOS<\/h1>\n<p>El objetivo del Doctorado es la formaci\u00f3n de recursos humanos aptos para las tareas acad\u00e9micas, de investigaci\u00f3n y desarrollo cient\u00edfico.<\/p>\n<p>Se busca asegurar a los estudiantes la capacitaci\u00f3n para desarrollar una investigaci\u00f3n original propia, as\u00ed como para orientar trabajos de investigaci\u00f3n. Esa capacitaci\u00f3n se lograr\u00e1 en el proceso de realizaci\u00f3n de una Tesis.<\/p>\n<p>El plan de Doctorado es flexible, girando en torno a la tem\u00e1tica de la Tesis. La programaci\u00f3n de la formaci\u00f3n previa se integra poniendo \u00e9nfasis en la ampliaci\u00f3n del conocimiento en el \u00e1rea en la que se desarrolla la Tesis Doctoral.[\/vc_column_text][\/vc_column][vc_column width=\u00bb1\/3&#8243;][vc_column_text]<\/p>\n<h1>DESTINATARIOS<\/h1>\n<p>El programa est\u00e1 orientado a la formaci\u00f3n de docentes e investigadores independientes, cuya finalidad sea generar teor\u00edas o modelos nuevos o seleccionar y adaptar las tecnolog\u00edas existentes a las necesidades del pa\u00eds.<br \/>\nLos aspirantes a ingresar al Doctorado deber\u00e1n haber completado la Maestr\u00eda en Econom\u00eda de la UNLP o equivalente.[\/vc_column_text][\/vc_column][vc_column width=\u00bb1\/3&#8243;][vc_column_text]<\/p>\n<h1>DURACI\u00d3N<\/h1>\n<p>El Doctorado tiene una duraci\u00f3n m\u00ednima de 2 a\u00f1os, per\u00edodo prorrogable sujeto a aprobaci\u00f3n de la CGA.[\/vc_column_text][\/vc_column][\/vc_row][vc_row dt_bg_repeat=\u00bbrepeat-x\u00bb bg_image=\u00bb2789&#8243; bg_color=\u00bb#000000&#8243; dt_color_opacity=\u00bb75&#8243; dt_class=\u00bbmensaje\u00bb][vc_column]<div style=\"clear:both; width:100%; height:40px\"><\/div>[vc_row_inner content_placement=\u00bbmiddle\u00bb][vc_column_inner width=\u00bb1\/4&#8243;][vc_single_image image=\u00bb2972&#8243; img_size=\u00bbfull\u00bb alignment=\u00bbcenter\u00bb][\/vc_column_inner][vc_column_inner width=\u00bb3\/4&#8243;][vc_column_text]<\/p>\n<p>I am text block. Click edit button to change this text. Lorem ipsum dolor sit amet, consectetur adipiscing elit. Ut elit tellus, luctus nec ullamcorper mattis, pulvinar dapibus leo.<\/p>\n<p>[\/vc_column_text][vc_column_text]<\/p>\n<p>I am text block. Click edit button to change this text. Lorem ipsum dolor sit amet, consectetur adipiscing elit. Ut elit tellus, luctus nec ullamcorper mattis, pulvinar dapibus leo.<\/p>\n<p>[\/vc_column_text][\/vc_column_inner][\/vc_row_inner]<div style=\"clear:both; width:100%; height:40px\"><\/div>[\/vc_column][\/vc_row][vc_row][vc_column]<div style=\"clear:both; width:100%; height:60px\"><\/div><div class=\"dt-title-wrapper\"><h1 class=\"section-title\">EL DOCTORADO<\/h1><\/div><div style=\"clear:both; width:100%; height:20px\"><\/div>[vc_row_inner][vc_column_inner width=\u00bb1\/3&#8243;][vc_single_image image=\u00bb2918&#8243; img_size=\u00bbfull\u00bb onclick=\u00bbcustom_link\u00bb link=\u00bbhttps:\/\/depeco.econo.unlp.edu.ar\/?page_id=2922&#8243;][\/vc_column_inner][vc_column_inner width=\u00bb1\/3&#8243;][vc_single_image image=\u00bb2919&#8243; img_size=\u00bbfull\u00bb onclick=\u00bbcustom_link\u00bb link=\u00bbhttps:\/\/depeco.econo.unlp.edu.ar\/?page_id=2949&#8243;][\/vc_column_inner][vc_column_inner width=\u00bb1\/3&#8243;][vc_single_image image=\u00bb2819&#8243; img_size=\u00bbfull\u00bb onclick=\u00bbcustom_link\u00bb link=\u00bbhttps:\/\/depeco.econo.unlp.edu.ar\/?page_id=2944&#8243;][\/vc_column_inner][\/vc_row_inner][vc_row_inner][vc_column_inner width=\u00bb1\/3&#8243;][vc_single_image image=\u00bb2822&#8243; img_size=\u00bbfull\u00bb onclick=\u00bbcustom_link\u00bb link=\u00bbhttps:\/\/depeco.econo.unlp.edu.ar\/?page_id=2933&#8243;][\/vc_column_inner][vc_column_inner width=\u00bb1\/3&#8243;][vc_single_image image=\u00bb2916&#8243; img_size=\u00bbfull\u00bb onclick=\u00bbcustom_link\u00bb link=\u00bbhttps:\/\/depeco.econo.unlp.edu.ar\/?page_id=2940&#8243;][\/vc_column_inner][vc_column_inner width=\u00bb1\/3&#8243;][vc_single_image image=\u00bb4007&#8243; img_size=\u00bbfull\u00bb onclick=\u00bbcustom_link\u00bb img_link_target=\u00bb_blank\u00bb link=\u00bbhttps:\/\/depeco.econo.unlp.edu.ar\/?page_id=4010&#8243;][\/vc_column_inner][\/vc_row_inner]<div style=\"clear:both; width:100%; height:120px\"><\/div>[\/vc_column][\/vc_row][vc_row dt_bg_repeat=\u00bbrepeat\u00bb dt_text_scheme=\u00bbdarker-overlay\u00bb dt_no_mb=\u00bbno-margin\u00bb bg_image=\u00bb296&#8243; bg_color=\u00bb#000000&#8243; dt_color_opacity=\u00bb70&#8243; dt_padding_top=\u00bb100&#8243; dt_padding_bottom=\u00bb100&#8243; dt_id=\u00bbcontacto\u00bb][vc_column][vc_row_inner][vc_column_inner css_animation=\u00bbbottom-to-top\u00bb]<div class=\"dt-title-wrapper\"><h1 class=\"section-title\">Contacto<\/h1><\/div><div style=\"clear:both; width:100%; height:30px\"><\/div>[\/vc_column_inner][\/vc_row_inner][vc_row_inner][vc_column_inner][vc_column_text]<\/p>\n<p style=\"text-align: center;\"><strong>\u00c1REA DOCTORADO EN ECONOM\u00cdA<\/strong><br \/>\nCalle 6 N\u00ba 777 e\/47 y 48 \u2013 4\u00ba Piso \u2013 Of 411 \u2013 La Plata<br \/>\n+54 0221 4236769 (int. 106)<br \/>\ndoctorado@econo.unlp.edu.ar<\/p>\n<p style=\"text-align: center;\"><strong>\u00c1REA POSGRADO<\/strong><br \/>\nCalle 6 N\u00ba 777 e\/47 y 48 \u2013 PB \u2013 La Plata<br \/>\n+54 0221 4235744<br \/>\nposgrados@econo.unlp.edu.ar<\/p>\n<p>[\/vc_column_text][\/vc_column_inner][\/vc_row_inner][\/vc_column][\/vc_row]<\/p>\n","protected":false},"excerpt":{"rendered":"<p>[vc_row][vc_column][vc_single_image image=\u00bb4106&#8243; img_size=\u00bbfull\u00bb][\/vc_column][\/vc_row][vc_row][vc_column][vc_single_image image=\u00bb4415&#8243; img_size=\u00bblarge\u00bb alignment=\u00bbcenter\u00bb][vc_message] Entrevista al director del Doctorado, Dr. Guido Porto, para la 28\u00ba edici\u00f3n de la revista Econo.\u00a0Ir al art\u00edculo. [\/vc_message][\/vc_column][\/vc_row][vc_row&#8230;<\/p>\n<p class=\"readmore\"><a class=\"more-btn\" href=\"https:\/\/depeco.econo.unlp.edu.ar\/?page_id=1284\">Read More<\/a><\/p>\n","protected":false},"author":1,"featured_media":0,"parent":1280,"menu_order":0,"comment_status":"closed","ping_status":"closed","template":"template-homepage.php","meta":[],"_links":{"self":[{"href":"https:\/\/depeco.econo.unlp.edu.ar\/index.php?rest_route=\/wp\/v2\/pages\/1284"}],"collection":[{"href":"https:\/\/depeco.econo.unlp.edu.ar\/index.php?rest_route=\/wp\/v2\/pages"}],"about":[{"href":"https:\/\/depeco.econo.unlp.edu.ar\/index.php?rest_route=\/wp\/v2\/types\/page"}],"author":[{"embeddable":true,"href":"https:\/\/depeco.econo.unlp.edu.ar\/index.php?rest_route=\/wp\/v2\/users\/1"}],"replies":[{"embeddable":true,"href":"https:\/\/depeco.econo.unlp.edu.ar\/index.php?rest_route=%2Fwp%2Fv2%2Fcomments&post=1284"}],"version-history":[{"count":77,"href":"https:\/\/depeco.econo.unlp.edu.ar\/index.php?rest_route=\/wp\/v2\/pages\/1284\/revisions"}],"predecessor-version":[{"id":4419,"href":"https:\/\/depeco.econo.unlp.edu.ar\/index.php?rest_route=\/wp\/v2\/pages\/1284\/revisions\/4419"}],"up":[{"embeddable":true,"href":"https:\/\/depeco.econo.unlp.edu.ar\/index.php?rest_route=\/wp\/v2\/pages\/1280"}],"wp:attachment":[{"href":"https:\/\/depeco.econo.unlp.edu.ar\/index.php?rest_route=%2Fwp%2Fv2%2Fmedia&parent=1284"}],"curies":[{"name":"wp","href":"https:\/\/api.w.org\/{rel}","templated":true}]}}