{"id":2171,"date":"2017-05-30T17:54:35","date_gmt":"2017-05-30T17:54:35","guid":{"rendered":"http:\/\/www.depeco-prueba.econo.unlp.edu.ar\/wp\/?page_id=2171"},"modified":"2017-05-30T17:59:33","modified_gmt":"2017-05-30T17:59:33","slug":"notas-sobre-federalismo-fiscal-enfoques-positivos-y-normativos","status":"publish","type":"page","link":"https:\/\/depeco.econo.unlp.edu.ar\/?page_id=2171","title":{"rendered":"Notas sobre Federalismo Fiscal &#8211; Enfoques Positivos y Normativos"},"content":{"rendered":"<p>[vc_row content_placement=\u00bbtop\u00bb bg_image=\u00bb2083&#8243; dt_parallax_inertia=\u00bb0&#8243;][vc_column][vc_row_inner][vc_column_inner]<div style=\"clear:both; width:100%; height:25px\"><\/div>[vc_column_text]<\/p>\n<h2><span style=\"color: #ffffff;\">E-BOOKS<\/span><\/h2>\n<p>[\/vc_column_text][\/vc_column_inner][\/vc_row_inner][\/vc_column][\/vc_row][vc_row dt_row_type=\u00bbin_container\u00bb][vc_column width=\u00bb2\/3&#8243;]<div style=\"clear:both; width:100%; height:20px\"><\/div>[vc_column_text]<\/p>\n<h3><strong>Notas sobre Federalismo Fiscal &#8211; Enfoques Positivos y Normativos<\/strong><\/h3>\n<p>[\/vc_column_text][vc_column_text]Facultad de Ciencias Econ\u00f3micas<br \/>\nDepartamento de Econom\u00eda<br \/>\nUniversidad Nacional de La Plata<br \/>\nEditado por PrEBi\/SeDiCI-UNLP<br \/>\nISBN 950-34-0301-4<br \/>\nLa Plata, Abril 2005[\/vc_column_text][vc_column_text]<strong>Antecedentes del autor<\/strong>[\/vc_column_text][vc_column_text css=\u00bb.vc_custom_1496166511569{padding-right: 20px !important;}\u00bb]<\/p>\n<p style=\"text-align: justify;\">HORACIO LUIS PABLO PIFFANO es graduado de la Universidad Nacional de La Plata como Doctor en Ciencias Econ\u00f3micas, actualmente se desempe\u00f1a como Profesor Titular de Finanzas P\u00fablicas I y de Pol\u00edtica y Administraci\u00f3n Tributaria de la Maestr\u00eda de Finanzas P\u00fablicas Provinciales y Municipales de esta Universidad Nacional de La Plata. Desarrolla y ha desarrollado asimismo labores docentes en la Universidad de Buenos Aires, la Universidad Torcuato Di Tella y la Universidad de San Andr\u00e9s. Sus mayores contribuciones versan sobre Econom\u00eda del Sector P\u00fablico, en especial en los t\u00f3picos de Federalismo Fiscal, Econom\u00eda de las Empresas P\u00fablicas, Econom\u00eda de la Educaci\u00f3n, y Seguridad Social. Su actividad profesional lo ubican desempe\u00f1ando funciones en el sector p\u00fablico, como asesor y gerente en cuestiones financieras y econ\u00f3micas, en finanzas gubernamentales, empresas p\u00fablicas, educaci\u00f3n universitaria y seguridad social.<\/p>\n<p>[\/vc_column_text][vc_column_text]<strong>Pr\u00f3logo<\/strong>[\/vc_column_text][vc_column_text]<\/p>\n<p style=\"text-align: justify;\">El presente e-book contiene 19 Notas sobre Federalismo Fiscal, por las que el autor intenta un tratamiento equilibrado del tema acudiendo a las sugerencias adelantadas por las dos corrientes claramente diferenciadas en la literatura especializada: la del enfoque normativo tradicional y la correspondiente al enfoque positivo (escuela del public choice).<\/p>\n<p style=\"text-align: justify;\">Muchos de los temas tratados en la Notas ya est\u00e1n disponibles en Internet a trav\u00e9s de diferentes sitios de la web o en publicaciones de revistas especializadas, y son reunirlas en esta oportunidad en un mismo cuerpo, con el fin de facilitar al estudiante o estudioso de este tema, la sistematizaci\u00f3n y visi\u00f3n o pensamiento del autor sobre las cuestiones relevantes del federalismo fiscal, esencialmente aplicables a gobiernos de estructura formalmente federal, pero con particular referencia al caso de Argentina.<\/p>\n<p style=\"text-align: justify;\">En la opini\u00f3n del autor, a trav\u00e9s del an\u00e1lisis de esta literatura pueden llegar a entenderse o explicarse muchos de los problemas que crecientemente y a lo largo de las \u00faltimas d\u00e9cadas han afectado dram\u00e1ticamente el bienestar de los argentinos. El tema del federalismo fiscal dif\u00edcilmente pueda aislarse de cuestiones esencialmente pol\u00edticas de un pa\u00eds federal, en tanto en el dise\u00f1o de la estructura vertical del gobierno habr\u00e1n de fundarse aspectos relevantes de la toma de decisiones p\u00fablicas en la democracia representativa. Quiz\u00e1s por tal motivo, estas notas podr\u00edan asimismo tener el r\u00f3tulo de un \u201cEnsayo de Econom\u00eda Pol\u00edtica del Federalismo Fiscal\u201d.<\/p>\n<p>[\/vc_column_text][vc_column_text]<strong>Contenido<\/strong>[\/vc_column_text][vc_column_text]El documento se estructura en cuatro partes.<\/p>\n<p>La <strong>Parte 1: Introducci\u00f3n<\/strong>, contiene dos notas que presentan un repaso de los argumentos normativos tradicionales y los sugeridos por el enfoque positivo de la corriente public choice, referentes al dise\u00f1o vertical de los gobiernos y del sistema tributario federal, y una caracterizaci\u00f3n de la evoluci\u00f3n del proceso del federalismo fiscal argentino a la luz de dichos argumentos.<\/p>\n<p>La <strong>Parte 2: Las cuestiones centrales del dise\u00f1o fiscal federal<\/strong>, contiene diez notas donde se desarrollan aspectos b\u00e1sicos a tener en cuenta en el dise\u00f1o fiscal federal, adelantando un conjunto de ideas y sugerencias que preludian el desenlace de la propuesta final.<\/p>\n<p>La <strong>Parte 3: Los dise\u00f1os tributarios federales<\/strong>, presenta seis notas dedicadas a examinar cuestiones m\u00e1s espec\u00edficas del dise\u00f1o tributario federal en general y subnacional en particular. Se exploran los atributos de cada modalidad tributaria; y se destina un tratamiento particular al tema de la imposici\u00f3n provincial a los ingresos de personas f\u00edsicas y a la discusi\u00f3n sobre las alternativas del Impuesto al Valor Agregado Subnacional versus el Impuesto a las Ventas Minoristas Provincial, en la imposici\u00f3n a las ventas.<\/p>\n<p>La <strong>Parte 4: La propuesta para el nuevo acuerdo fiscal y financiero federal<\/strong>, contiene una nota con los lineamientos generales y la propuesta espec\u00edfica de un proyecto de ley-convenio para el nuevo acuerdo fiscal y financiero federal, que recoge las ideas desarrolladas en las notas previas y opera a manera de resumen y conclusi\u00f3n general del documento.[\/vc_column_text][\/vc_column][vc_column width=\u00bb1\/3&#8243;]<div style=\"clear:both; width:100%; height:20px\"><\/div>[vc_single_image image=\u00bb2176&#8243; img_size=\u00bbfull\u00bb][vc_separator][vc_single_image image=\u00bb2166&#8243; img_size=\u00bbfull\u00bb onclick=\u00bbcustom_link\u00bb img_link_target=\u00bb_blank\u00bb link=\u00bb\/wp-content\/uploads\/2017\/05\/Notas-sobre-federalismo-fiscal.pdf\u00bb][vc_column_text](6.811Mb) &#8211; PDF[\/vc_column_text][\/vc_column][\/vc_row]<\/p>\n","protected":false},"excerpt":{"rendered":"<p>[vc_row content_placement=\u00bbtop\u00bb bg_image=\u00bb2083&#8243; dt_parallax_inertia=\u00bb0&#8243;][vc_column][vc_row_inner][vc_column_inner][vc_column_text] E-BOOKS [\/vc_column_text][\/vc_column_inner][\/vc_row_inner][\/vc_column][\/vc_row][vc_row dt_row_type=\u00bbin_container\u00bb][vc_column width=\u00bb2\/3&#8243;][vc_column_text] Notas sobre Federalismo Fiscal &#8211; Enfoques Positivos y Normativos [\/vc_column_text][vc_column_text]Facultad de Ciencias Econ\u00f3micas Departamento de Econom\u00eda Universidad&#8230;<\/p>\n<p class=\"readmore\"><a class=\"more-btn\" href=\"https:\/\/depeco.econo.unlp.edu.ar\/?page_id=2171\">Read More<\/a><\/p>\n","protected":false},"author":1,"featured_media":0,"parent":1310,"menu_order":0,"comment_status":"closed","ping_status":"closed","template":"template-homepage.php","meta":[],"_links":{"self":[{"href":"https:\/\/depeco.econo.unlp.edu.ar\/index.php?rest_route=\/wp\/v2\/pages\/2171"}],"collection":[{"href":"https:\/\/depeco.econo.unlp.edu.ar\/index.php?rest_route=\/wp\/v2\/pages"}],"about":[{"href":"https:\/\/depeco.econo.unlp.edu.ar\/index.php?rest_route=\/wp\/v2\/types\/page"}],"author":[{"embeddable":true,"href":"https:\/\/depeco.econo.unlp.edu.ar\/index.php?rest_route=\/wp\/v2\/users\/1"}],"replies":[{"embeddable":true,"href":"https:\/\/depeco.econo.unlp.edu.ar\/index.php?rest_route=%2Fwp%2Fv2%2Fcomments&post=2171"}],"version-history":[{"count":9,"href":"https:\/\/depeco.econo.unlp.edu.ar\/index.php?rest_route=\/wp\/v2\/pages\/2171\/revisions"}],"predecessor-version":[{"id":2211,"href":"https:\/\/depeco.econo.unlp.edu.ar\/index.php?rest_route=\/wp\/v2\/pages\/2171\/revisions\/2211"}],"up":[{"embeddable":true,"href":"https:\/\/depeco.econo.unlp.edu.ar\/index.php?rest_route=\/wp\/v2\/pages\/1310"}],"wp:attachment":[{"href":"https:\/\/depeco.econo.unlp.edu.ar\/index.php?rest_route=%2Fwp%2Fv2%2Fmedia&parent=2171"}],"curies":[{"name":"wp","href":"https:\/\/api.w.org\/{rel}","templated":true}]}}