{"id":2345,"date":"2017-06-02T13:13:39","date_gmt":"2017-06-02T13:13:39","guid":{"rendered":"http:\/\/www.depeco-prueba.econo.unlp.edu.ar\/wp\/?page_id=2345"},"modified":"2017-06-02T13:17:55","modified_gmt":"2017-06-02T13:17:55","slug":"seminario-de-economia-ciclo-2016","status":"publish","type":"page","link":"https:\/\/depeco.econo.unlp.edu.ar\/?page_id=2345","title":{"rendered":"Seminario de Econom\u00eda ciclo 2016"},"content":{"rendered":"<p>[vc_row content_placement=\u00bbtop\u00bb bg_image=\u00bb2083&#8243; dt_parallax_inertia=\u00bb0&#8243;][vc_column][vc_row_inner][vc_column_inner]<div style=\"clear:both; width:100%; height:25px\"><\/div>[vc_column_text]<\/p>\n<h2><span style=\"color: #ffffff;\">SEMINARIOS Y JORNADAS<\/span><\/h2>\n<p>[\/vc_column_text][\/vc_column_inner][\/vc_row_inner][\/vc_column][\/vc_row][vc_row dt_row_type=\u00bbin_container\u00bb][vc_column]<div style=\"clear:both; width:100%; height:20px\"><\/div>[vc_column_text]<\/p>\n<h2>Seminario de Econom\u00eda ciclo 2016<\/h2>\n<p>[\/vc_column_text][vc_column_text]<\/p>\n<ul>\n<li><strong>14 de diciembre<\/strong>. Eduardo Cavallo (BID). \u201cAhorrar para Desarrollarse: C\u00f3mo Am\u00e9rica Latina y el Caribe puede Ahorrar M\u00e1s y Mejor\u201d.<\/li>\n<li><strong>6 de diciembre<\/strong>. <strong>Mart\u00edn Guzm\u00e1n<\/strong> (Columbia University Graduate School of Business) y D. Lombardi. \u201cAssessing the Appropriate Size of Relief in Sovereign Debt Restructuring.<\/li>\n<li><strong>27 de septiembre<\/strong>. <strong>Alejandro Izquierdo<\/strong> (BID), Jimena Llopis, Umberto Muratori y Jos\u00e9 Juan Ruiz. \u201cIn Search of Larger Per Capita Incomes: How To Prioritize across Productivity Determinants?\u201d.<\/li>\n<li><strong>2 de septiembre<\/strong>. <strong>Ronald Fischer<\/strong> (CEA Chile), Diego Huerta y Patricio Valenzuela. \u201cPrivate Credit And Inequality\u201d.<\/li>\n<li><strong>19 de agosto<\/strong>. <strong>Guillermo Vuletin <\/strong>(BID), Samara Gunter (Colby College), Daniel Riera-Crichton (Bates College) y Carlos A. Vegh (Johns Hopkins University and NBER). \u201cNon-Linear Effect of Tax Changes on Output: A Worldwide Narrative Approach\u201d.<\/li>\n<li><strong>11 de agosto<\/strong>. <strong>Carlos Lamarche <\/strong>(University of Kentucky) y Matthew Harding (Duke University). \u201cA Panel Quantile Approach to Attrition Bias in Big Data: Evidence from a Randomized Experiment\u201d.<\/li>\n<li><strong>24 de junio<\/strong>. <strong>Emilio Espino <\/strong>(Universidad Torcuato Di Tella) y Juan M. Sanchez (Federal Reserve Bank of St Louis). \u201cUISA with Multidimensional Private Information\u201d.<\/li>\n<li><strong>24 de mayo<\/strong>. <strong>Ernesto Stein <\/strong>(BID). \u201cC\u00f3mo Repensar el Desarrollo Productivo: Pol\u00edticas e Instituciones S\u00f3lidas para la Transformaci\u00f3n Econ\u00f3mica\u201d.<\/li>\n<li><strong>17 de mayo<\/strong>. <strong>Eugenia Andreasen <\/strong>(USACH &#8211; Universidad de Santiago de Chile) y Guido Sandleris y Alejandro Van der Ghote. \u201cThe Political Economy of Sovereign Defaults\u201d.<\/li>\n<li><strong>15 de abril<\/strong>. <strong>Maria Adelaida Lopera<\/strong> (Universidad de Munich). \u201cPeer Effects on Potential Demand for Credit: Evidence from a randomized control trial among young entrepreneurs in Uganda\u201d.<\/li>\n<\/ul>\n<p>[\/vc_column_text][\/vc_column][\/vc_row]<\/p>\n","protected":false},"excerpt":{"rendered":"<p>[vc_row content_placement=\u00bbtop\u00bb bg_image=\u00bb2083&#8243; dt_parallax_inertia=\u00bb0&#8243;][vc_column][vc_row_inner][vc_column_inner][vc_column_text] SEMINARIOS Y JORNADAS [\/vc_column_text][\/vc_column_inner][\/vc_row_inner][\/vc_column][\/vc_row][vc_row dt_row_type=\u00bbin_container\u00bb][vc_column][vc_column_text] Seminario de Econom\u00eda ciclo 2016 [\/vc_column_text][vc_column_text] 14 de diciembre. Eduardo Cavallo (BID). \u201cAhorrar para Desarrollarse: C\u00f3mo&#8230;<\/p>\n<p class=\"readmore\"><a class=\"more-btn\" href=\"https:\/\/depeco.econo.unlp.edu.ar\/?page_id=2345\">Read More<\/a><\/p>\n","protected":false},"author":1,"featured_media":0,"parent":2317,"menu_order":0,"comment_status":"closed","ping_status":"closed","template":"template-homepage.php","meta":[],"_links":{"self":[{"href":"https:\/\/depeco.econo.unlp.edu.ar\/index.php?rest_route=\/wp\/v2\/pages\/2345"}],"collection":[{"href":"https:\/\/depeco.econo.unlp.edu.ar\/index.php?rest_route=\/wp\/v2\/pages"}],"about":[{"href":"https:\/\/depeco.econo.unlp.edu.ar\/index.php?rest_route=\/wp\/v2\/types\/page"}],"author":[{"embeddable":true,"href":"https:\/\/depeco.econo.unlp.edu.ar\/index.php?rest_route=\/wp\/v2\/users\/1"}],"replies":[{"embeddable":true,"href":"https:\/\/depeco.econo.unlp.edu.ar\/index.php?rest_route=%2Fwp%2Fv2%2Fcomments&post=2345"}],"version-history":[{"count":3,"href":"https:\/\/depeco.econo.unlp.edu.ar\/index.php?rest_route=\/wp\/v2\/pages\/2345\/revisions"}],"predecessor-version":[{"id":2349,"href":"https:\/\/depeco.econo.unlp.edu.ar\/index.php?rest_route=\/wp\/v2\/pages\/2345\/revisions\/2349"}],"up":[{"embeddable":true,"href":"https:\/\/depeco.econo.unlp.edu.ar\/index.php?rest_route=\/wp\/v2\/pages\/2317"}],"wp:attachment":[{"href":"https:\/\/depeco.econo.unlp.edu.ar\/index.php?rest_route=%2Fwp%2Fv2%2Fmedia&parent=2345"}],"curies":[{"name":"wp","href":"https:\/\/api.w.org\/{rel}","templated":true}]}}