{"id":2457,"date":"2017-06-05T14:33:19","date_gmt":"2017-06-05T14:33:19","guid":{"rendered":"https:\/\/depeco.econo.unlp.edu.ar\/?page_id=2457"},"modified":"2019-08-07T16:53:03","modified_gmt":"2019-08-07T16:53:03","slug":"jornadas-de-economia-monetaria-e-internacional","status":"publish","type":"page","link":"https:\/\/depeco.econo.unlp.edu.ar\/?page_id=2457","title":{"rendered":"Jornadas de Econom\u00eda Monetaria e Internacional"},"content":{"rendered":"<p>[vc_row content_placement=\u00bbtop\u00bb bg_image=\u00bb2083&#8243; dt_parallax_inertia=\u00bb0&#8243;][vc_column][vc_row_inner][vc_column_inner]<div style=\"clear:both; width:100%; height:25px\"><\/div>[vc_column_text]<\/p>\n<h2><span style=\"color: #ffffff;\">SEMINARIOS Y JORNADAS<\/span><\/h2>\n<p>[\/vc_column_text][\/vc_column_inner][\/vc_row_inner][\/vc_column][\/vc_row][vc_row dt_row_type=\u00bbin_container\u00bb][vc_column]<div style=\"clear:both; width:100%; height:40px\"><\/div>[vc_column_text]<\/p>\n<h2><strong>Jornadas de Econom\u00eda Monetaria e Internacional\u00a0<\/strong><\/h2>\n<p>[\/vc_column_text]<div style=\"clear:both; width:100%; height:10px\"><\/div>[vc_row_inner][vc_column_inner][vc_column_text]<\/p>\n<h2><i class=\"fa fa-caret-right\"><\/i><a href=\"https:\/\/depeco.econo.unlp.edu.ar\/?page_id=3982\"><strong> XV Jornadas de Econom\u00eda Monetaria e Internacional <\/strong><\/a><\/h2>\n<h4>A realizarse en la UNLP, el d\u00eda 15 de agosto de 2019. Aula Magna de la Facultad de Ciencias Econ\u00f3micas de la Universidad Nacional de La Plata.<\/h4>\n<p>[\/vc_column_text][vc_column_text]<\/p>\n<h2><i class=\"fa fa-caret-right\"><\/i><a href=\"https:\/\/depeco.econo.unlp.edu.ar\/?page_id=3364\"><strong> XIV Jornadas de Econom\u00eda Monetaria e Internacional <\/strong><\/a><\/h2>\n<h4>Realizadas\u00a0en la UNLP, el d\u00eda 17 de agosto de 2017. Aula Magna de la Facultad de Ciencias Econ\u00f3micas de la Universidad Nacional de La Plata.<\/h4>\n<p>[\/vc_column_text][vc_column_text]<\/p>\n<h2><i class=\"fa fa-caret-right\"><\/i><a href=\"https:\/\/depeco.econo.unlp.edu.ar\/?page_id=2598\"><strong> XIII Jornadas de Econom\u00eda Monetaria e Internacional <\/strong><\/a><\/h2>\n<h4>Realizadas\u00a0en la UNLP, el d\u00eda 18 de agosto de 2016. Aula Magna de la Facultad de Ciencias Econ\u00f3micas de la Universidad Nacional de La Plata.<\/h4>\n<p>[\/vc_column_text][vc_column_text]<\/p>\n<h2><i class=\"fa fa-caret-right\"><\/i><a href=\"https:\/\/depeco.econo.unlp.edu.ar\/?page_id=2607\"><strong> XII Jornadas de Econom\u00ed\u00ada Monetaria e Internacional <\/strong><\/a><\/h2>\n<h4>Realizadas en la UNLP, el d\u00eda 20 de agosto de 2015. Aula Magna de la Facultad de Ciencias Econ\u00f3micas de la Universidad Nacional de La Plata.<\/h4>\n<p>[\/vc_column_text][vc_column_text]<\/p>\n<h2><i class=\"fa fa-caret-right\"><\/i><a href=\"https:\/\/depeco.econo.unlp.edu.ar\/?page_id=2609\"><strong> 11\u00ba Jornadas de Econom\u00eda Monetaria e Internacional <\/strong><\/a><\/h2>\n<h4>Las jornadas se realizaron en el marco del 60\u00ba aniversario de la fundaci\u00f3n de la Facultad de Ciencias Econ\u00f3micas de la Universidad Nacional de la Plata (1953-2013) el d\u00eda 14 de Agosto de 2013.<\/h4>\n<p>[\/vc_column_text][vc_column_text]<\/p>\n<h2><i class=\"fa fa-caret-right\"><\/i><a href=\"https:\/\/depeco.econo.unlp.edu.ar\/?page_id=2613\"><strong> D\u00e9cimas Jornadas de Econom\u00eda Monetaria e Internacional <\/strong><\/a><\/h2>\n<h4>Realizadas en la UNLP, los d\u00edas 12 y 13 de mayo de 2005. Aula Magna de la Facultad de Ciencias Econ\u00f3micas de la Universidad Nacional de La Plata.<\/h4>\n<p>[\/vc_column_text][vc_column_text]<\/p>\n<h2><i class=\"fa fa-caret-right\"><\/i><a href=\"https:\/\/depeco.econo.unlp.edu.ar\/?page_id=2630\"><strong> Novenas Jornadas de Econom\u00eda Monetaria e Internacional <\/strong><\/a><\/h2>\n<h4>Realizadas en la UNLP, los d\u00edas 6 y 7 de mayo de 2004. Aula Magna de la Facultad de Ciencias Econ\u00f3micas de la Universidad Nacional de La Plata.<\/h4>\n<p>[\/vc_column_text][vc_column_text]<\/p>\n<h2><i class=\"fa fa-caret-right\"><\/i><a href=\"https:\/\/depeco.econo.unlp.edu.ar\/?page_id=2627\"><strong> Octavas Jornadas de Econom\u00eda Monetaria e Internacional <\/strong><\/a><\/h2>\n<h4>Realizadas en la UNLP, los d\u00edas 8 y 9 de mayo de 2003. Aula Magna de la Facultad de Ciencias Econ\u00f3micas de la Universidad Nacional de La Plata.<\/h4>\n<p>[\/vc_column_text][vc_column_text]<\/p>\n<h2><i class=\"fa fa-caret-right\"><\/i><a href=\"https:\/\/depeco.econo.unlp.edu.ar\/?page_id=2650\"><strong> S\u00e9ptimas Jornadas de Econom\u00eda Monetaria e Internacional <\/strong><\/a><\/h2>\n<h4>Realizadas en la UNLP, los d\u00edas 9 y 10 de mayo de 2002. Aula Magna de la Facultad de Ciencias Econ\u00f3micas de la Universidad Nacional de La Plata.<\/h4>\n<p>[\/vc_column_text][vc_column_text]<\/p>\n<h2><i class=\"fa fa-caret-right\"><\/i><a href=\"https:\/\/depeco.econo.unlp.edu.ar\/?page_id=2661\"><strong> Sextas Jornadas de Econom\u00eda Monetaria e Internacional <\/strong><\/a><\/h2>\n<h4>Realizadas en la UNLP, los d\u00edas 10 y 11 de mayo de 2001. Aula Magna de la Facultad de Ciencias Econ\u00f3micas de la Universidad Nacional de La Plata. Se encuentran a disposici\u00f3n los trabajos presentados.<\/h4>\n<p>[\/vc_column_text][vc_column_text]<\/p>\n<h2><i class=\"fa fa-caret-right\"><\/i><a href=\"https:\/\/depeco.econo.unlp.edu.ar\/?page_id=2675\"><strong> Quintas Jornadas de Econom\u00eda Monetaria e Internacional <\/strong><\/a><\/h2>\n<h4>Realizadas en la UNLP, los d\u00edas 11 y 12 de mayo de 2000. Aula Magna de la Facultad de Ciencias Econ\u00f3micas de la Universidad Nacional de La Plata. Se encuentran a disposici\u00f3n los trabajos presentados.<\/h4>\n<p>[\/vc_column_text][vc_column_text]<\/p>\n<h2><i class=\"fa fa-caret-right\"><\/i><a href=\"https:\/\/depeco.econo.unlp.edu.ar\/?page_id=2686\"><strong> Cuartas Jornadas de Econom\u00eda Monetaria e Internacional <\/strong><\/a><\/h2>\n<h4>Realizadas en La Plata, los d\u00eda 6 y 7 de mayo de 1999. Aula Magna de la Facultad de Ciencias Econ\u00f3micas de la Universidad Nacional de La Plata. Se encuentran a disposici\u00f3n los trabajos presentados.<\/h4>\n<p>[\/vc_column_text][vc_column_text]<\/p>\n<h2><i class=\"fa fa-caret-right\"><\/i><a href=\"https:\/\/depeco.econo.unlp.edu.ar\/?page_id=2706\"><strong> Terceras Jornadas de Econom\u00eda Monetaria e Internacional <\/strong><\/a><\/h2>\n<h4>Realizadas en La Plata, los d\u00eda 7 y 8 de mayo de 1998. Aula Magna de la Facultad de Ciencias Econ\u00f3micas de la Universidad Nacional de La Plata.<\/h4>\n<p>[\/vc_column_text][vc_column_text]<\/p>\n<h2><i class=\"fa fa-caret-right\"><\/i><a href=\"https:\/\/depeco.econo.unlp.edu.ar\/?page_id=2709\"><strong> Segundas Jornadas de Econom\u00eda Monetaria e Internacional <\/strong><\/a><\/h2>\n<h4>Realizadas en La Plata, los d\u00eda 8 y 9 de mayo de 1997. Aula Magna de la Facultad de Ciencias Econ\u00f3micas de la Universidad Nacional de La Plata.<\/h4>\n<p>[\/vc_column_text][vc_column_text]<\/p>\n<h2><i class=\"fa fa-caret-right\"><\/i><a href=\"https:\/\/depeco.econo.unlp.edu.ar\/?page_id=2711\"><strong> Primeras Jornadas de Econom\u00eda Monetaria e Internacional <\/strong><\/a><\/h2>\n<h4>Realizadas en La Plata, los d\u00eda 9 y 10 de mayo de 1996. Aula Magna de la Facultad de Ciencias Econ\u00f3micas de la Universidad Nacional de La Plata.<\/h4>\n<p>[\/vc_column_text][\/vc_column_inner][\/vc_row_inner][\/vc_column][\/vc_row]<\/p>\n","protected":false},"excerpt":{"rendered":"<p>[vc_row content_placement=\u00bbtop\u00bb bg_image=\u00bb2083&#8243; dt_parallax_inertia=\u00bb0&#8243;][vc_column][vc_row_inner][vc_column_inner][vc_column_text] SEMINARIOS Y JORNADAS [\/vc_column_text][\/vc_column_inner][\/vc_row_inner][\/vc_column][\/vc_row][vc_row dt_row_type=\u00bbin_container\u00bb][vc_column][vc_column_text] Jornadas de Econom\u00eda Monetaria e Internacional\u00a0 [\/vc_column_text][vc_row_inner][vc_column_inner][vc_column_text] XV Jornadas de Econom\u00eda Monetaria e Internacional A realizarse&#8230;<\/p>\n<p class=\"readmore\"><a class=\"more-btn\" href=\"https:\/\/depeco.econo.unlp.edu.ar\/?page_id=2457\">Read More<\/a><\/p>\n","protected":false},"author":1,"featured_media":0,"parent":2295,"menu_order":0,"comment_status":"closed","ping_status":"closed","template":"template-homepage.php","meta":[],"_links":{"self":[{"href":"https:\/\/depeco.econo.unlp.edu.ar\/index.php?rest_route=\/wp\/v2\/pages\/2457"}],"collection":[{"href":"https:\/\/depeco.econo.unlp.edu.ar\/index.php?rest_route=\/wp\/v2\/pages"}],"about":[{"href":"https:\/\/depeco.econo.unlp.edu.ar\/index.php?rest_route=\/wp\/v2\/types\/page"}],"author":[{"embeddable":true,"href":"https:\/\/depeco.econo.unlp.edu.ar\/index.php?rest_route=\/wp\/v2\/users\/1"}],"replies":[{"embeddable":true,"href":"https:\/\/depeco.econo.unlp.edu.ar\/index.php?rest_route=%2Fwp%2Fv2%2Fcomments&post=2457"}],"version-history":[{"count":17,"href":"https:\/\/depeco.econo.unlp.edu.ar\/index.php?rest_route=\/wp\/v2\/pages\/2457\/revisions"}],"predecessor-version":[{"id":3987,"href":"https:\/\/depeco.econo.unlp.edu.ar\/index.php?rest_route=\/wp\/v2\/pages\/2457\/revisions\/3987"}],"up":[{"embeddable":true,"href":"https:\/\/depeco.econo.unlp.edu.ar\/index.php?rest_route=\/wp\/v2\/pages\/2295"}],"wp:attachment":[{"href":"https:\/\/depeco.econo.unlp.edu.ar\/index.php?rest_route=%2Fwp%2Fv2%2Fmedia&parent=2457"}],"curies":[{"name":"wp","href":"https:\/\/api.w.org\/{rel}","templated":true}]}}