{"id":2498,"date":"2017-06-05T15:58:51","date_gmt":"2017-06-05T15:58:51","guid":{"rendered":"https:\/\/depeco.econo.unlp.edu.ar\/?page_id=2498"},"modified":"2017-06-05T16:02:31","modified_gmt":"2017-06-05T16:02:31","slug":"14o-seminario-de-federalismo-fiscal","status":"publish","type":"page","link":"https:\/\/depeco.econo.unlp.edu.ar\/?page_id=2498","title":{"rendered":"14\u00ba Seminario de Federalismo Fiscal"},"content":{"rendered":"<p>[vc_row content_placement=\u00bbtop\u00bb bg_image=\u00bb2083&#8243; dt_parallax_inertia=\u00bb0&#8243;][vc_column][vc_row_inner][vc_column_inner]<div style=\"clear:both; width:100%; height:25px\"><\/div>[vc_column_text]<\/p>\n<h2><span style=\"color: #ffffff;\">SEMINARIOS Y JORNADAS<\/span><\/h2>\n<p>[\/vc_column_text][\/vc_column_inner][\/vc_row_inner][\/vc_column][\/vc_row][vc_row dt_row_type=\u00bbin_container\u00bb][vc_column]<div style=\"clear:both; width:100%; height:20px\"><\/div>[vc_column_text]<\/p>\n<h2>14\u00ba Seminario de Federalismo Fiscal<\/h2>\n<p>[\/vc_column_text][vc_column_text]Organizado conjuntamente por<\/p>\n<ul>\n<li>Facultad de Ciencias Econ\u00f3micas de la Universidad Nacional de La Plata<\/li>\n<li>CIPPEC (Centro de Implementaci\u00f3n de Pol\u00edticas P\u00fablicas para la Equidad y el Crecimiento)<\/li>\n<li>IAE Business School de la Universidad Austral<\/li>\n<li>IEF (Instituto de Econom\u00eda y Finanzas) de la Facultad de Ciencias Econ\u00f3micas de la Universidad Nacional de C\u00f3rdoba<\/li>\n<li>Instituto de Federalismo de la Academia Nacional de Derecho de C\u00f3rdoba<\/li>\n<li>Universidad Torcuato Di Tella<\/li>\n<\/ul>\n<p>Realizado en el Aula Magna de la Facultad de Ciencias Econ\u00f3micas de la UNLP (Calle 6 entre 47 y 48), el d\u00eda <strong>25 de agosto de 2011<\/strong> de 8:00 a 14:15 hs.[\/vc_column_text][vc_separator border_width=\u00bb3&#8243;][vc_column_text]<\/p>\n<h4><i class=\"fa fa-caret-right\"><\/i> <a href=\"\/wp-content\/uploads\/2017\/06\/programa-1.pdf\" target=\"_blank\"><strong>Programa del Seminario <\/strong><\/a><\/h4>\n<p>[\/vc_column_text][vc_separator border_width=\u00bb3&#8243;][\/vc_column][\/vc_row]<\/p>\n","protected":false},"excerpt":{"rendered":"<p>[vc_row content_placement=\u00bbtop\u00bb bg_image=\u00bb2083&#8243; dt_parallax_inertia=\u00bb0&#8243;][vc_column][vc_row_inner][vc_column_inner][vc_column_text] SEMINARIOS Y JORNADAS [\/vc_column_text][\/vc_column_inner][\/vc_row_inner][\/vc_column][\/vc_row][vc_row dt_row_type=\u00bbin_container\u00bb][vc_column][vc_column_text] 14\u00ba Seminario de Federalismo Fiscal [\/vc_column_text][vc_column_text]Organizado conjuntamente por Facultad de Ciencias Econ\u00f3micas de la Universidad Nacional&#8230;<\/p>\n<p class=\"readmore\"><a class=\"more-btn\" href=\"https:\/\/depeco.econo.unlp.edu.ar\/?page_id=2498\">Read More<\/a><\/p>\n","protected":false},"author":1,"featured_media":0,"parent":2454,"menu_order":0,"comment_status":"closed","ping_status":"closed","template":"template-homepage.php","meta":[],"_links":{"self":[{"href":"https:\/\/depeco.econo.unlp.edu.ar\/index.php?rest_route=\/wp\/v2\/pages\/2498"}],"collection":[{"href":"https:\/\/depeco.econo.unlp.edu.ar\/index.php?rest_route=\/wp\/v2\/pages"}],"about":[{"href":"https:\/\/depeco.econo.unlp.edu.ar\/index.php?rest_route=\/wp\/v2\/types\/page"}],"author":[{"embeddable":true,"href":"https:\/\/depeco.econo.unlp.edu.ar\/index.php?rest_route=\/wp\/v2\/users\/1"}],"replies":[{"embeddable":true,"href":"https:\/\/depeco.econo.unlp.edu.ar\/index.php?rest_route=%2Fwp%2Fv2%2Fcomments&post=2498"}],"version-history":[{"count":5,"href":"https:\/\/depeco.econo.unlp.edu.ar\/index.php?rest_route=\/wp\/v2\/pages\/2498\/revisions"}],"predecessor-version":[{"id":2504,"href":"https:\/\/depeco.econo.unlp.edu.ar\/index.php?rest_route=\/wp\/v2\/pages\/2498\/revisions\/2504"}],"up":[{"embeddable":true,"href":"https:\/\/depeco.econo.unlp.edu.ar\/index.php?rest_route=\/wp\/v2\/pages\/2454"}],"wp:attachment":[{"href":"https:\/\/depeco.econo.unlp.edu.ar\/index.php?rest_route=%2Fwp%2Fv2%2Fmedia&parent=2498"}],"curies":[{"name":"wp","href":"https:\/\/api.w.org\/{rel}","templated":true}]}}

14º Seminario de Federalismo Fiscal

<p>[vc_row content_placement=»top» bg_image=»2083&#8243; dt_parallax_inertia=»0&#8243;][vc_column][vc_row_inner][vc_column_inner]<div style="clear:both; width:100%; height:25px"></div>[vc_column_text]</p>
<h2><span style="color: #ffffff;">SEMINARIOS Y JORNADAS</span></h2>
<p>[/vc_column_text][/vc_column_inner][/vc_row_inner][/vc_column][/vc_row][vc_row dt_row_type=»in_container»][vc_column]<div style="clear:both; width:100%; height:20px"></div>[vc_column_text]</p>
<h2>14º Seminario de Federalismo Fiscal</h2>
<p>[/vc_column_text][vc_column_text]Organizado conjuntamente por</p>
<ul>
<li>Facultad de Ciencias Económicas de la Universidad Nacional de La Plata</li>
<li>CIPPEC (Centro de Implementación de Políticas Públicas para la Equidad y el Crecimiento)</li>
<li>IAE Business School de la Universidad Austral</li>
<li>IEF (Instituto de Economía y Finanzas) de la Facultad de Ciencias Económicas de la Universidad Nacional de Córdoba</li>
<li>Instituto de Federalismo de la Academia Nacional de Derecho de Córdoba</li>
<li>Universidad Torcuato Di Tella</li>
</ul>
<p>Realizado en el Aula Magna de la Facultad de Ciencias Económicas de la UNLP (Calle 6 entre 47 y 48), el día <strong>25 de agosto de 2011</strong> de 8:00 a 14:15 hs.[/vc_column_text][vc_separator border_width=»3&#8243;][vc_column_text]</p>
<h4><i class="fa fa-caret-right"></i> <a href="/wp-content/uploads/2017/06/programa-1.pdf" target="_blank"><strong>Programa del Seminario </strong></a></h4>
<p>[/vc_column_text][vc_separator border_width=»3&#8243;][/vc_column][/vc_row]</p>

<p>[vc_row content_placement=»top» bg_image=»2083&#8243; dt_parallax_inertia=»0&#8243;][vc_column][vc_row_inner][vc_column_inner][vc_column_text] SEMINARIOS Y JORNADAS [/vc_column_text][/vc_column_inner][/vc_row_inner][/vc_column][/vc_row][vc_row dt_row_type=»in_container»][vc_column][vc_column_text] 14º Seminario de Federalismo Fiscal [/vc_column_text][vc_column_text]Organizado conjuntamente por Facultad de Ciencias Económicas de la Universidad Nacional&#8230;</p>
<p class="readmore"><a class="more-btn" href="https://depeco.econo.unlp.edu.ar/?page_id=2498">Read More</a></p>
