{"id":2509,"date":"2017-06-05T16:07:59","date_gmt":"2017-06-05T16:07:59","guid":{"rendered":"https:\/\/depeco.econo.unlp.edu.ar\/?page_id=2509"},"modified":"2017-06-05T16:07:59","modified_gmt":"2017-06-05T16:07:59","slug":"12o-seminario-internacional-sobre-federalismo-fiscal","status":"publish","type":"page","link":"https:\/\/depeco.econo.unlp.edu.ar\/?page_id=2509","title":{"rendered":"12\u00ba Seminario Internacional sobre Federalismo Fiscal"},"content":{"rendered":"<p>[vc_row content_placement=\u00bbtop\u00bb bg_image=\u00bb2083&#8243; dt_parallax_inertia=\u00bb0&#8243;][vc_column][vc_row_inner][vc_column_inner]<div style=\"clear:both; width:100%; height:25px\"><\/div>[vc_column_text]<\/p>\n<h2><span style=\"color: #ffffff;\">SEMINARIOS Y JORNADAS<\/span><\/h2>\n<p>[\/vc_column_text][\/vc_column_inner][\/vc_row_inner][\/vc_column][\/vc_row][vc_row dt_row_type=\u00bbin_container\u00bb][vc_column]<div style=\"clear:both; width:100%; height:20px\"><\/div>[vc_column_text]<\/p>\n<h2>12\u00ba Seminario Internacional sobre Federalismo Fiscal<\/h2>\n<p>[\/vc_column_text][vc_column_text]Organizado conjuntamente por el Senado de la Naci\u00f3n, la Facultad de Ciencias Econ\u00f3micas de la Universidad Nacional de La Plata, CIPPEC (Centro de Implementaci\u00f3n de Pol\u00edticas P\u00fablicas para la Equidad y el Crecimiento) y el IAE de la Universidad Austral. Realizado en el Sal\u00f3n Auditorio de la ex Caja de Ahorros (Calle Solis 125, 5to. Piso), el d\u00eda 26 de agosto de 2010 de 9:00 a 16:00 hs.[\/vc_column_text][vc_separator border_width=\u00bb3&#8243;][vc_column_text]<\/p>\n<h4><i class=\"fa fa-caret-right\"><\/i><strong> Programa del Seminario<\/strong><\/h4>\n<p>[\/vc_column_text][vc_separator border_width=\u00bb3&#8243;][\/vc_column][\/vc_row]<\/p>\n","protected":false},"excerpt":{"rendered":"<p>[vc_row content_placement=\u00bbtop\u00bb bg_image=\u00bb2083&#8243; dt_parallax_inertia=\u00bb0&#8243;][vc_column][vc_row_inner][vc_column_inner][vc_column_text] SEMINARIOS Y JORNADAS [\/vc_column_text][\/vc_column_inner][\/vc_row_inner][\/vc_column][\/vc_row][vc_row dt_row_type=\u00bbin_container\u00bb][vc_column][vc_column_text] 12\u00ba Seminario Internacional sobre Federalismo Fiscal [\/vc_column_text][vc_column_text]Organizado conjuntamente por el Senado de la Naci\u00f3n, la Facultad&#8230;<\/p>\n<p class=\"readmore\"><a class=\"more-btn\" href=\"https:\/\/depeco.econo.unlp.edu.ar\/?page_id=2509\">Read More<\/a><\/p>\n","protected":false},"author":1,"featured_media":0,"parent":2454,"menu_order":0,"comment_status":"closed","ping_status":"closed","template":"template-homepage.php","meta":[],"_links":{"self":[{"href":"https:\/\/depeco.econo.unlp.edu.ar\/index.php?rest_route=\/wp\/v2\/pages\/2509"}],"collection":[{"href":"https:\/\/depeco.econo.unlp.edu.ar\/index.php?rest_route=\/wp\/v2\/pages"}],"about":[{"href":"https:\/\/depeco.econo.unlp.edu.ar\/index.php?rest_route=\/wp\/v2\/types\/page"}],"author":[{"embeddable":true,"href":"https:\/\/depeco.econo.unlp.edu.ar\/index.php?rest_route=\/wp\/v2\/users\/1"}],"replies":[{"embeddable":true,"href":"https:\/\/depeco.econo.unlp.edu.ar\/index.php?rest_route=%2Fwp%2Fv2%2Fcomments&post=2509"}],"version-history":[{"count":1,"href":"https:\/\/depeco.econo.unlp.edu.ar\/index.php?rest_route=\/wp\/v2\/pages\/2509\/revisions"}],"predecessor-version":[{"id":2510,"href":"https:\/\/depeco.econo.unlp.edu.ar\/index.php?rest_route=\/wp\/v2\/pages\/2509\/revisions\/2510"}],"up":[{"embeddable":true,"href":"https:\/\/depeco.econo.unlp.edu.ar\/index.php?rest_route=\/wp\/v2\/pages\/2454"}],"wp:attachment":[{"href":"https:\/\/depeco.econo.unlp.edu.ar\/index.php?rest_route=%2Fwp%2Fv2%2Fmedia&parent=2509"}],"curies":[{"name":"wp","href":"https:\/\/api.w.org\/{rel}","templated":true}]}}

12º Seminario Internacional sobre Federalismo Fiscal

<p>[vc_row content_placement=»top» bg_image=»2083&#8243; dt_parallax_inertia=»0&#8243;][vc_column][vc_row_inner][vc_column_inner]<div style="clear:both; width:100%; height:25px"></div>[vc_column_text]</p>
<h2><span style="color: #ffffff;">SEMINARIOS Y JORNADAS</span></h2>
<p>[/vc_column_text][/vc_column_inner][/vc_row_inner][/vc_column][/vc_row][vc_row dt_row_type=»in_container»][vc_column]<div style="clear:both; width:100%; height:20px"></div>[vc_column_text]</p>
<h2>12º Seminario Internacional sobre Federalismo Fiscal</h2>
<p>[/vc_column_text][vc_column_text]Organizado conjuntamente por el Senado de la Nación, la Facultad de Ciencias Económicas de la Universidad Nacional de La Plata, CIPPEC (Centro de Implementación de Políticas Públicas para la Equidad y el Crecimiento) y el IAE de la Universidad Austral. Realizado en el Salón Auditorio de la ex Caja de Ahorros (Calle Solis 125, 5to. Piso), el día 26 de agosto de 2010 de 9:00 a 16:00 hs.[/vc_column_text][vc_separator border_width=»3&#8243;][vc_column_text]</p>
<h4><i class="fa fa-caret-right"></i><strong> Programa del Seminario</strong></h4>
<p>[/vc_column_text][vc_separator border_width=»3&#8243;][/vc_column][/vc_row]</p>

<p>[vc_row content_placement=»top» bg_image=»2083&#8243; dt_parallax_inertia=»0&#8243;][vc_column][vc_row_inner][vc_column_inner][vc_column_text] SEMINARIOS Y JORNADAS [/vc_column_text][/vc_column_inner][/vc_row_inner][/vc_column][/vc_row][vc_row dt_row_type=»in_container»][vc_column][vc_column_text] 12º Seminario Internacional sobre Federalismo Fiscal [/vc_column_text][vc_column_text]Organizado conjuntamente por el Senado de la Nación, la Facultad&#8230;</p>
<p class="readmore"><a class="more-btn" href="https://depeco.econo.unlp.edu.ar/?page_id=2509">Read More</a></p>
