{"id":2524,"date":"2017-06-05T16:33:18","date_gmt":"2017-06-05T16:33:18","guid":{"rendered":"https:\/\/depeco.econo.unlp.edu.ar\/?page_id=2524"},"modified":"2017-06-05T16:34:18","modified_gmt":"2017-06-05T16:34:18","slug":"septimo-seminario-internacional-sobre-federalismo-fiscal","status":"publish","type":"page","link":"https:\/\/depeco.econo.unlp.edu.ar\/?page_id=2524","title":{"rendered":"S\u00e9ptimo Seminario Internacional sobre Federalismo Fiscal"},"content":{"rendered":"<p>[vc_row content_placement=\u00bbtop\u00bb bg_image=\u00bb2083&#8243; dt_parallax_inertia=\u00bb0&#8243;][vc_column][vc_row_inner][vc_column_inner]<div style=\"clear:both; width:100%; height:25px\"><\/div>[vc_column_text]<\/p>\n<h2><span style=\"color: #ffffff;\">SEMINARIOS Y JORNADAS<\/span><\/h2>\n<p>[\/vc_column_text][\/vc_column_inner][\/vc_row_inner][\/vc_column][\/vc_row][vc_row dt_row_type=\u00bbin_container\u00bb][vc_column]<div style=\"clear:both; width:100%; height:20px\"><\/div>[vc_column_text]<\/p>\n<h2>S\u00e9ptimo Seminario Internacional sobre Federalismo Fiscal<\/h2>\n<p>[\/vc_column_text][vc_column_text]<strong>\u00abHacia una Nueva Ley de Coparticipaci\u00f3n Federal de Impuestos en la Argentina\u00bb<\/strong>. Organizado conjuntamente por el Departamento de Econom\u00eda de la Facultad de Ciencias Econ\u00f3micas de la Universidad Nacional de La Plata y la Escuela de Direcci\u00f3n y Negocios de la Universidad Austral. Realizado en C.U.D.E.S, Calle Vicente L\u00f3pez Nro. 1950, Buenos Aires, el d\u00eda 24 de Noviembre de 2003.[\/vc_column_text][vc_separator border_width=\u00bb3&#8243;][vc_column_text]<\/p>\n<h4><i class=\"fa fa-caret-right\"><\/i><a href=\"\/wp-content\/uploads\/2017\/06\/programa7.pdf\" target=\"_blank\"><strong> Programa del Seminario<\/strong><\/a><\/h4>\n<p>[\/vc_column_text][vc_separator border_width=\u00bb3&#8243;][vc_column_text]<strong>Ponencias<\/strong>[\/vc_column_text][vc_column_text]<\/p>\n<ul>\n<li>Arga\u00f1araz, Nadin (Presidente del IERAL de Fundaci\u00f3n Mediterr\u00e1nea). <a href=\"\/wp-content\/uploads\/2017\/06\/ponencia_arganaraz.pdf\" target=\"_blank\">\u00abFederalismo Fiscal Argentino: La Coparticipaci\u00f3n de Impuestos\u00bb<\/a>.<\/li>\n<li>Artana, Daniel (Economista Jefe de FIEL). <a href=\"\/wp-content\/uploads\/2017\/06\/ponencia_artana.pdf\" target=\"_blank\">\u00abLa Reforma a la Ley de Coparticipaci\u00f3n Federal de Impuestos\u00bb<\/a>.<\/li>\n<li>Avila, Jorge (CEMA). <a href=\"\/wp-content\/uploads\/2017\/06\/ponencia_avila.pdf\" target=\"_blank\">\u00abArt\u00edculo publicado por Ambito Financiero los d\u00edas 14 y 15 de Mayo de 2002\u00bb<\/a>.<\/li>\n<li>Cetr\u00e1ngolo, Oscar (Oficina de la CEPAL en Buenos Aires). <a href=\"\/wp-content\/uploads\/2017\/06\/ponencia_avila.pdf\" target=\"_blank\">\u00abPropuestas de Coparticipaci\u00f3n Federal de Impuestos\u00bb<\/a>.<\/li>\n<li>Frigerio, R. (Econom\u00eda y Regiones). <a href=\"\/wp-content\/uploads\/2017\/06\/ponencia_frigerio.pdf\" target=\"_blank\">\u00abIdeas Generales acerca del Debate sobre la Nueva Ley de Coparticipaci\u00f3n\u00bb<\/a>.<\/li>\n<li>Piffano, Horacio L. P. (UNLP). <a href=\"\/wp-content\/uploads\/2017\/06\/ponencia_piffano.pdf\" target=\"_blank\">\u00abHacia una Nueva Ley de Coparticipaci\u00f3n Federal de Impuestos en la Argentina\u00bb<\/a>.<\/li>\n<li>Porto, Alberto (UNLP). <a href=\"\/wp-content\/uploads\/2017\/06\/ponencia_porto.pdf\" target=\"_blank\">\u00abAntecedentes y Lineamientos para la Ley de Coparticipaci\u00f3n Federal de Impuestos\u00bb<\/a>.<\/li>\n<li>Resk, Ernesto (U.N. de C\u00f3rdoba). \u00abNueva Propuesta de Arreglos Fiscales Interjuridiccionales para Argentina\u00bb.<\/li>\n<li>Sturzenegger, Adolfo (UNLP). <a href=\"\/wp-content\/uploads\/2017\/06\/ponencia_sturzenegger.pdf\" target=\"_blank\">\u00abHacia una Nueva Ley de Coparticipaci\u00f3n Federal de Impuestos en la Argentina\u00bb<\/a>.<\/li>\n<\/ul>\n<p>[\/vc_column_text][\/vc_column][\/vc_row]<\/p>\n","protected":false},"excerpt":{"rendered":"<p>[vc_row content_placement=\u00bbtop\u00bb bg_image=\u00bb2083&#8243; dt_parallax_inertia=\u00bb0&#8243;][vc_column][vc_row_inner][vc_column_inner][vc_column_text] SEMINARIOS Y JORNADAS [\/vc_column_text][\/vc_column_inner][\/vc_row_inner][\/vc_column][\/vc_row][vc_row dt_row_type=\u00bbin_container\u00bb][vc_column][vc_column_text] S\u00e9ptimo Seminario Internacional sobre Federalismo Fiscal [\/vc_column_text][vc_column_text]\u00abHacia una Nueva Ley de Coparticipaci\u00f3n Federal de Impuestos en&#8230;<\/p>\n<p class=\"readmore\"><a class=\"more-btn\" href=\"https:\/\/depeco.econo.unlp.edu.ar\/?page_id=2524\">Read More<\/a><\/p>\n","protected":false},"author":1,"featured_media":0,"parent":2454,"menu_order":0,"comment_status":"closed","ping_status":"closed","template":"template-homepage.php","meta":[],"_links":{"self":[{"href":"https:\/\/depeco.econo.unlp.edu.ar\/index.php?rest_route=\/wp\/v2\/pages\/2524"}],"collection":[{"href":"https:\/\/depeco.econo.unlp.edu.ar\/index.php?rest_route=\/wp\/v2\/pages"}],"about":[{"href":"https:\/\/depeco.econo.unlp.edu.ar\/index.php?rest_route=\/wp\/v2\/types\/page"}],"author":[{"embeddable":true,"href":"https:\/\/depeco.econo.unlp.edu.ar\/index.php?rest_route=\/wp\/v2\/users\/1"}],"replies":[{"embeddable":true,"href":"https:\/\/depeco.econo.unlp.edu.ar\/index.php?rest_route=%2Fwp%2Fv2%2Fcomments&post=2524"}],"version-history":[{"count":2,"href":"https:\/\/depeco.econo.unlp.edu.ar\/index.php?rest_route=\/wp\/v2\/pages\/2524\/revisions"}],"predecessor-version":[{"id":2535,"href":"https:\/\/depeco.econo.unlp.edu.ar\/index.php?rest_route=\/wp\/v2\/pages\/2524\/revisions\/2535"}],"up":[{"embeddable":true,"href":"https:\/\/depeco.econo.unlp.edu.ar\/index.php?rest_route=\/wp\/v2\/pages\/2454"}],"wp:attachment":[{"href":"https:\/\/depeco.econo.unlp.edu.ar\/index.php?rest_route=%2Fwp%2Fv2%2Fmedia&parent=2524"}],"curies":[{"name":"wp","href":"https:\/\/api.w.org\/{rel}","templated":true}]}}

Séptimo Seminario Internacional sobre Federalismo Fiscal

<p>[vc_row content_placement=»top» bg_image=»2083&#8243; dt_parallax_inertia=»0&#8243;][vc_column][vc_row_inner][vc_column_inner]<div style="clear:both; width:100%; height:25px"></div>[vc_column_text]</p>
<h2><span style="color: #ffffff;">SEMINARIOS Y JORNADAS</span></h2>
<p>[/vc_column_text][/vc_column_inner][/vc_row_inner][/vc_column][/vc_row][vc_row dt_row_type=»in_container»][vc_column]<div style="clear:both; width:100%; height:20px"></div>[vc_column_text]</p>
<h2>Séptimo Seminario Internacional sobre Federalismo Fiscal</h2>
<p>[/vc_column_text][vc_column_text]<strong>«Hacia una Nueva Ley de Coparticipación Federal de Impuestos en la Argentina»</strong>. Organizado conjuntamente por el Departamento de Economía de la Facultad de Ciencias Económicas de la Universidad Nacional de La Plata y la Escuela de Dirección y Negocios de la Universidad Austral. Realizado en C.U.D.E.S, Calle Vicente López Nro. 1950, Buenos Aires, el día 24 de Noviembre de 2003.[/vc_column_text][vc_separator border_width=»3&#8243;][vc_column_text]</p>
<h4><i class="fa fa-caret-right"></i><a href="/wp-content/uploads/2017/06/programa7.pdf" target="_blank"><strong> Programa del Seminario</strong></a></h4>
<p>[/vc_column_text][vc_separator border_width=»3&#8243;][vc_column_text]<strong>Ponencias</strong>[/vc_column_text][vc_column_text]</p>
<ul>
<li>Argañaraz, Nadin (Presidente del IERAL de Fundación Mediterránea). <a href="/wp-content/uploads/2017/06/ponencia_arganaraz.pdf" target="_blank">«Federalismo Fiscal Argentino: La Coparticipación de Impuestos»</a>.</li>
<li>Artana, Daniel (Economista Jefe de FIEL). <a href="/wp-content/uploads/2017/06/ponencia_artana.pdf" target="_blank">«La Reforma a la Ley de Coparticipación Federal de Impuestos»</a>.</li>
<li>Avila, Jorge (CEMA). <a href="/wp-content/uploads/2017/06/ponencia_avila.pdf" target="_blank">«Artículo publicado por Ambito Financiero los días 14 y 15 de Mayo de 2002»</a>.</li>
<li>Cetrángolo, Oscar (Oficina de la CEPAL en Buenos Aires). <a href="/wp-content/uploads/2017/06/ponencia_avila.pdf" target="_blank">«Propuestas de Coparticipación Federal de Impuestos»</a>.</li>
<li>Frigerio, R. (Economía y Regiones). <a href="/wp-content/uploads/2017/06/ponencia_frigerio.pdf" target="_blank">«Ideas Generales acerca del Debate sobre la Nueva Ley de Coparticipación»</a>.</li>
<li>Piffano, Horacio L. P. (UNLP). <a href="/wp-content/uploads/2017/06/ponencia_piffano.pdf" target="_blank">«Hacia una Nueva Ley de Coparticipación Federal de Impuestos en la Argentina»</a>.</li>
<li>Porto, Alberto (UNLP). <a href="/wp-content/uploads/2017/06/ponencia_porto.pdf" target="_blank">«Antecedentes y Lineamientos para la Ley de Coparticipación Federal de Impuestos»</a>.</li>
<li>Resk, Ernesto (U.N. de Córdoba). «Nueva Propuesta de Arreglos Fiscales Interjuridiccionales para Argentina».</li>
<li>Sturzenegger, Adolfo (UNLP). <a href="/wp-content/uploads/2017/06/ponencia_sturzenegger.pdf" target="_blank">«Hacia una Nueva Ley de Coparticipación Federal de Impuestos en la Argentina»</a>.</li>
</ul>
<p>[/vc_column_text][/vc_column][/vc_row]</p>

<p>[vc_row content_placement=»top» bg_image=»2083&#8243; dt_parallax_inertia=»0&#8243;][vc_column][vc_row_inner][vc_column_inner][vc_column_text] SEMINARIOS Y JORNADAS [/vc_column_text][/vc_column_inner][/vc_row_inner][/vc_column][/vc_row][vc_row dt_row_type=»in_container»][vc_column][vc_column_text] Séptimo Seminario Internacional sobre Federalismo Fiscal [/vc_column_text][vc_column_text]«Hacia una Nueva Ley de Coparticipación Federal de Impuestos en&#8230;</p>
<p class="readmore"><a class="more-btn" href="https://depeco.econo.unlp.edu.ar/?page_id=2524">Read More</a></p>
