{"id":2536,"date":"2017-06-05T16:46:52","date_gmt":"2017-06-05T16:46:52","guid":{"rendered":"https:\/\/depeco.econo.unlp.edu.ar\/?page_id=2536"},"modified":"2017-06-05T16:47:18","modified_gmt":"2017-06-05T16:47:18","slug":"sexto-seminario-internacional-sobre-federalismo-fiscal","status":"publish","type":"page","link":"https:\/\/depeco.econo.unlp.edu.ar\/?page_id=2536","title":{"rendered":"Sexto Seminario Internacional sobre Federalismo Fiscal"},"content":{"rendered":"<p>[vc_row content_placement=\u00bbtop\u00bb bg_image=\u00bb2083&#8243; dt_parallax_inertia=\u00bb0&#8243;][vc_column][vc_row_inner][vc_column_inner]<div style=\"clear:both; width:100%; height:25px\"><\/div>[vc_column_text]<\/p>\n<h2><span style=\"color: #ffffff;\">SEMINARIOS Y JORNADAS<\/span><\/h2>\n<p>[\/vc_column_text][\/vc_column_inner][\/vc_row_inner][\/vc_column][\/vc_row][vc_row dt_row_type=\u00bbin_container\u00bb][vc_column]<div style=\"clear:both; width:100%; height:20px\"><\/div>[vc_column_text]<\/p>\n<h2>Sexto Seminario Internacional sobre Federalismo Fiscal<\/h2>\n<p>[\/vc_column_text][vc_column_text]Realizado en la Universidad Austral, el d\u00eda 26 de Noviembre de 2001. Organizado por el Departamento de Econom\u00eda de la Facultad de Ciencias Econ\u00f3micas de la Universidad Nacional de La Plata y la Escuela de Direcci\u00f3n y Negocios de la Universidad Austral.[\/vc_column_text][vc_separator border_width=\u00bb3&#8243;][vc_column_text]<\/p>\n<h4><i class=\"fa fa-caret-right\"><\/i><strong> Programa del Seminario<\/strong><\/h4>\n<p>[\/vc_column_text][vc_separator border_width=\u00bb3&#8243;][vc_column_text]<\/p>\n<h4>Trabajos presentados<\/h4>\n<p>[\/vc_column_text][vc_column_text]<\/p>\n<ul>\n<li>Acosta, Pablo y Loza, Andr\u00e9s (Universidad Nacional de La Plata). <a href=\"\/wp-content\/uploads\/2017\/06\/trabajo1.pdf\" target=\"_blank\">\u00abBurocracia y Federalismo Fiscal: Un Marco Te\u00f3rico para el An\u00e1lisis del Efecto &#8216;flypaper'\u00bb<\/a>.<\/li>\n<li>Asensio, Miguel Angel (UNL, Santa Fe). <a href=\"\/wp-content\/uploads\/2017\/06\/trabajo2.pdf\" target=\"_blank\">\u00abUna nota sobre la dimensi\u00f3n fiscal de la descentralizaci\u00f3n\u00bb<\/a>.<\/li>\n<li>Fenochietto, Ricardo (Universidad de Buenos Aires) y Pessino, Carola (Universidad Torcuato Di Tella). <a href=\"\/wp-content\/uploads\/2017\/06\/trabajo3.pdf\" target=\"_blank\">\u00abC\u00f3mo alcanzar un adecuado federalismo fiscal en la Rep\u00fablica Argentina\u00bb<\/a>.<\/li>\n<li>Galiani, Sebasti\u00e1n (Universidad de San Andr\u00e9s) y Schargrodsky, Ernesto (Universidad Torcuato Di Tella). <a href=\"\/wp-content\/uploads\/2017\/06\/trabajo4.pdf\" target=\"_blank\">\u00abEvaluating the Impact of School Decentralization on Education Quality\u00bb<\/a>.<\/li>\n<li>Gaya, Ra\u00fal y Rocha, Sebasti\u00e1n (Universidad Nacional de La Plata). <a href=\"\/wp-content\/uploads\/2017\/06\/trabajo5.pdf\" target=\"_blank\">\u00abEficacia de la Redistribuci\u00f3n Regional del Ingreso para Alcanzar una Mejor Distribuci\u00f3n Personal: El Caso de las Transferencias En Argentina\u00bb<\/a>.<\/li>\n<li>Hueglin, Thomas O. (Wilfrid Laurier University, Waterloo, Ontario, Canada). <a href=\"\/wp-content\/uploads\/2017\/06\/trabajo6.pdf\" target=\"_blank\">\u00abFederalism and Globalization\u00bb<\/a>.<\/li>\n<li>Llach, Juan J. (IAE, Universidad Austral). <a href=\"\/wp-content\/uploads\/2017\/06\/trabajo7.pdf\" target=\"_blank\">\u00abUn Nuevo Contrato Fiscal Federal: Una reforma para mejorar la competitividad, la correspondencia fiscal, el federalismo y la democracia representativa\u00bb<\/a>.<\/li>\n<li>Mora, M\u00f4nica y Varsano, Ricardo (Institute of Applied Economic Research, Rio de Janeiro, Brazil).<a href=\"\/wp-content\/uploads\/2017\/06\/trabajo8.pdf\" target=\"_blank\">\u00abFiscal Decentralization and Subnational Fiscal Autonomy in Brazil: Some Facts of the Nineties\u00bb<\/a>.<\/li>\n<li>Nicolini, Juan Pablo (Universidad Torcuato Di Tella); Sanguinetti, Pablo (Universidad Torcuato Di Tella) y Sanguinetti, Juan (Centro de Estudios de Desarrollo Institucional (CEDI)). <a href=\"\/wp-content\/uploads\/2017\/06\/trabajo14.pdf\" target=\"_blank\">\u00abAn\u00e1lisis de alternativas de financiamiento de la educaci\u00f3n b\u00e1sica en Argentina en el marco de las instituciones fiscales federales\u00bb<\/a>.<\/li>\n<li>Piffano, Horacio L. P. (Universidad Nacional de La Plata). <a href=\"\/wp-content\/uploads\/2017\/06\/trabajo15.pdf\" target=\"_blank\">\u00ab\u00bfEs el IVA Subnacional la Alternativa Preferible?\u00bb<\/a>.<\/li>\n<li>Rezk, Ernesto (Universidad Nacional de C\u00f3rdoba). <a href=\"\/wp-content\/uploads\/2017\/06\/trabajo9.pdf\" target=\"_blank\">\u00abEfectos sobre El Bienestar de la Tributaci\u00f3n Directa sobre el Consumo: Una Aplicaci\u00f3n al Caso Subnacional Argentino\u00bb<\/a>.<\/li>\n<li>Rodden, Jonathan (MIT). <a href=\"\/wp-content\/uploads\/2017\/06\/trabajo10.pdf\" target=\"_blank\">\u00abThe Dilemma of Fiscal Federalism: Grants and Fiscal Performance around the World\u00bb<\/a>.<\/li>\n<li>Sbattella, Jos\u00e9. <a href=\"\/wp-content\/uploads\/2017\/06\/trabajo11.pdf\" target=\"_blank\">\u00abAn\u00e1lisis de las Transferencias Provinciales a los Municipios Bonaerenses\u00bb<\/a>.<\/li>\n<li>Tommasi, Mariano (CEDI (Fundaci\u00f3n Gobierno &amp; Sociedad) y Universidad de San Andr\u00e9s) y Weinschelbaum, Federico (Universidad de San Andr\u00e9s). \u00abA Principal-Agent Building Block for the Study of Decentralization and Integration\u00bb.<\/li>\n<li>Vega, Juan Argentino y Russo, Eduardo Adolfo (Universidad Nacional de Cuyo). <a href=\"\/wp-content\/uploads\/2017\/06\/trabajo12.pdf\" target=\"_blank\">\u00abCoparticipaci\u00f3n Federal. Incentivos de responsabilidad fiscal en las transferencias a gobiernos subnacionales\u00bb<\/a>.<\/li>\n<li>V\u00faletin, Guillermo J. (Universidad Nacional de La Plata). <a href=\"\/wp-content\/uploads\/2017\/06\/trabajo13.pdf\" target=\"_blank\">\u00abSostenibilidad de las Pol\u00edticas Fiscales y Causalidad entre Ingresos y Gastos para las Provincias Argentinas\u00bb<\/a>.<\/li>\n<\/ul>\n<p>[\/vc_column_text][\/vc_column][\/vc_row]<\/p>\n","protected":false},"excerpt":{"rendered":"<p>[vc_row content_placement=\u00bbtop\u00bb bg_image=\u00bb2083&#8243; dt_parallax_inertia=\u00bb0&#8243;][vc_column][vc_row_inner][vc_column_inner][vc_column_text] SEMINARIOS Y JORNADAS [\/vc_column_text][\/vc_column_inner][\/vc_row_inner][\/vc_column][\/vc_row][vc_row dt_row_type=\u00bbin_container\u00bb][vc_column][vc_column_text] Sexto Seminario Internacional sobre Federalismo Fiscal [\/vc_column_text][vc_column_text]Realizado en la Universidad Austral, el d\u00eda 26 de Noviembre&#8230;<\/p>\n<p class=\"readmore\"><a class=\"more-btn\" href=\"https:\/\/depeco.econo.unlp.edu.ar\/?page_id=2536\">Read More<\/a><\/p>\n","protected":false},"author":1,"featured_media":0,"parent":2454,"menu_order":0,"comment_status":"closed","ping_status":"closed","template":"template-homepage.php","meta":[],"_links":{"self":[{"href":"https:\/\/depeco.econo.unlp.edu.ar\/index.php?rest_route=\/wp\/v2\/pages\/2536"}],"collection":[{"href":"https:\/\/depeco.econo.unlp.edu.ar\/index.php?rest_route=\/wp\/v2\/pages"}],"about":[{"href":"https:\/\/depeco.econo.unlp.edu.ar\/index.php?rest_route=\/wp\/v2\/types\/page"}],"author":[{"embeddable":true,"href":"https:\/\/depeco.econo.unlp.edu.ar\/index.php?rest_route=\/wp\/v2\/users\/1"}],"replies":[{"embeddable":true,"href":"https:\/\/depeco.econo.unlp.edu.ar\/index.php?rest_route=%2Fwp%2Fv2%2Fcomments&post=2536"}],"version-history":[{"count":2,"href":"https:\/\/depeco.econo.unlp.edu.ar\/index.php?rest_route=\/wp\/v2\/pages\/2536\/revisions"}],"predecessor-version":[{"id":2552,"href":"https:\/\/depeco.econo.unlp.edu.ar\/index.php?rest_route=\/wp\/v2\/pages\/2536\/revisions\/2552"}],"up":[{"embeddable":true,"href":"https:\/\/depeco.econo.unlp.edu.ar\/index.php?rest_route=\/wp\/v2\/pages\/2454"}],"wp:attachment":[{"href":"https:\/\/depeco.econo.unlp.edu.ar\/index.php?rest_route=%2Fwp%2Fv2%2Fmedia&parent=2536"}],"curies":[{"name":"wp","href":"https:\/\/api.w.org\/{rel}","templated":true}]}}