{"id":2613,"date":"2017-06-06T12:11:23","date_gmt":"2017-06-06T12:11:23","guid":{"rendered":"https:\/\/depeco.econo.unlp.edu.ar\/?page_id=2613"},"modified":"2017-09-04T19:04:34","modified_gmt":"2017-09-04T19:04:34","slug":"decimas-jornadas-de-economia-monetaria-e-internacional","status":"publish","type":"page","link":"https:\/\/depeco.econo.unlp.edu.ar\/?page_id=2613","title":{"rendered":"D\u00e9cimas Jornadas de Econom\u00eda Monetaria e Internacional"},"content":{"rendered":"<p>[vc_row content_placement=\u00bbtop\u00bb bg_image=\u00bb2083&#8243; dt_parallax_inertia=\u00bb0&#8243;][vc_column][vc_row_inner][vc_column_inner]<div style=\"clear:both; width:100%; height:25px\"><\/div>[vc_column_text]<\/p>\n<h2><span style=\"color: #ffffff;\">SEMINARIOS Y JORNADAS<\/span><\/h2>\n<p>[\/vc_column_text][\/vc_column_inner][\/vc_row_inner][\/vc_column][\/vc_row][vc_row dt_row_type=\u00bbin_container\u00bb][vc_column]<div style=\"clear:both; width:100%; height:20px\"><\/div>[vc_column_text]<\/p>\n<h2>D\u00e9cimas Jornadas de Econom\u00eda Monetaria e Internacional<\/h2>\n<p>[\/vc_column_text][vc_column_text]Realizadas en la UNLP, los d\u00edas 12 y 13 de mayo de 2005. Aula Magna de la Facultad de Ciencias Econ\u00f3micas de la Universidad Nacional de La Plata. Organizadas por el Departamento de Econom\u00eda.[\/vc_column_text][vc_separator border_width=\u00bb3&#8243;][vc_column_text]<\/p>\n<h3><strong>Comit\u00e9 Organizador<\/strong><\/h3>\n<p>[\/vc_column_text][vc_column_text]Ricardo Bebczuk<br \/>\nJorge Carrera<br \/>\nDaniel Heymann<br \/>\nAgust\u00edn L\u00f3dola<br \/>\nLuis Secco<br \/>\nAdolfo Sturzenegger<br \/>\nSecretario Ejecutivo: Carlos Lacchini[\/vc_column_text][vc_separator border_width=\u00bb3&#8243;][vc_column_text]<\/p>\n<h3><strong><a href=\"\/wp-content\/uploads\/2017\/06\/10programa.pdf\">Programa<\/a><\/strong><\/h3>\n<p>[\/vc_column_text][vc_separator border_width=\u00bb3&#8243;][vc_column_text]<\/p>\n<h3><strong>Premio Profesor El\u00edas Salama<\/strong><\/h3>\n<p>En el contexto de las Jornadas, el Departamento de Econom\u00eda de la Universidad Nacional de La Plata, entregar\u00e1 el Premio Profesor El\u00edas Salama al mejor trabajo en temas de econom\u00eda monetaria e internacional presentado por un economista reci\u00e9n graduado.<\/p>\n<p>Los trabajos deber\u00e1n ser presentados personalmente o por correo en la Facultad de Ciencias Econ\u00f3micas, Universidad Nacional de La Plata, Calle 6 entre 47 y 48, 5to. piso, oficina 516 (1900) La Plata, Argentina<\/p>\n<p>Jurado<br \/>\nHildegart Ahumada (UTDT), Pedro Elosegui (CEF y UNLP), Emilio Espino (Institute for Advanced Studies, Austria), Huberto Ennis (Federal Reserve Bank of Richmond, EEUU), Pedro Marcelo Oviedo (Iowa State University) y Jos\u00e9 Wynne (Duke University, EEUU).[\/vc_column_text][vc_separator border_width=\u00bb3&#8243;][vc_column_text]<\/p>\n<h3><strong>Trabajos presentados<\/strong><\/h3>\n<p>[\/vc_column_text][vc_column_text]<\/p>\n<ul>\n<li>Jorge C. \u00c1vila (Universidad del CEMA). <a href=\"\/wp-content\/uploads\/2017\/06\/10trabajo01.pdf\" target=\"_blank\">\u00abInternacionalizaci\u00f3n Monetaria y Bancaria\u00bb <img decoding=\"async\" loading=\"lazy\" src=\"https:\/\/depeco.econo.unlp.edu.ar\/images\/icono-pdf.gif\" width=\"16\" height=\"16\" align=\"absmiddle\" border=\"0\" \/><\/a>.<\/li>\n<li>William Baeza L. e Igal Magendzo W. (Banco Central de Chile). <a href=\"\/wp-content\/uploads\/2017\/06\/10trabajo02.pdf\" target=\"_blank\">\u00abDeterminantes del \u00cdndice de Percepci\u00f3n de la Econom\u00eda\u00bb <img decoding=\"async\" loading=\"lazy\" src=\"https:\/\/depeco.econo.unlp.edu.ar\/images\/icono-pdf.gif\" width=\"16\" height=\"16\" align=\"absmiddle\" border=\"0\" \/><\/a>.<\/li>\n<li>Laura D&#8217;Amato; Lidia Sanz; y Juan Sotes (Banco Central de la Rep\u00fablica Argentina). <a href=\"\/wp-content\/uploads\/2017\/06\/10trabajo03.pdf\" target=\"_blank\">\u00abEvaluaci\u00f3n de medidas alternativas de Inflaci\u00f3n Subyacente para Argentina\u00bb <img decoding=\"async\" loading=\"lazy\" src=\"https:\/\/depeco.econo.unlp.edu.ar\/images\/icono-pdf.gif\" width=\"16\" height=\"16\" align=\"absmiddle\" border=\"0\" \/><\/a>.<\/li>\n<li>Alejandro Gay (Universidad Nacional de C\u00f3rdoba y CONICET). <a href=\"\/wp-content\/uploads\/2017\/06\/10trabajo04.pdf\" target=\"_blank\">\u00abMoney Demand in an Open Economy Framework: Argentina (1932-2002)\u00bb <img decoding=\"async\" loading=\"lazy\" src=\"https:\/\/depeco.econo.unlp.edu.ar\/images\/icono-pdf.gif\" width=\"16\" height=\"16\" align=\"absmiddle\" border=\"0\" \/><\/a>.<\/li>\n<li>Guillermo Gigliani (Universidad de Buenos Aires). <a href=\"\/wp-content\/uploads\/2017\/06\/10trabajo05.pdf\" target=\"_blank\">\u00abLa Oferta de Dinero\u00bb <img decoding=\"async\" loading=\"lazy\" src=\"https:\/\/depeco.econo.unlp.edu.ar\/images\/icono-pdf.gif\" width=\"16\" height=\"16\" align=\"absmiddle\" border=\"0\" \/><\/a>.<\/li>\n<li>Fernando Pablo Lago (CONICET y Universidad Nacional del Sur). <a href=\"\/wp-content\/uploads\/2017\/06\/10trabajo06.pdf\" target=\"_blank\">\u00abCrisis Gemelas, R\u00e9gimen Cambiario e Informaci\u00f3n de Mercado\u00bb <img decoding=\"async\" loading=\"lazy\" src=\"https:\/\/depeco.econo.unlp.edu.ar\/images\/icono-pdf.gif\" width=\"16\" height=\"16\" align=\"absmiddle\" border=\"0\" \/><\/a>.<\/li>\n<li>N\u00e9stor A. Le Clech (Universidad Nacional de Quilmes). <a href=\"\/wp-content\/uploads\/2017\/06\/10trabajo07.pdf\" target=\"_blank\">\u00abParidad del Poder Adquisitivo en el Tipo de Cambio Argentino (Peso\/D\u00f3lar)\u00bb <img decoding=\"async\" loading=\"lazy\" src=\"https:\/\/depeco.econo.unlp.edu.ar\/images\/icono-pdf.gif\" width=\"16\" height=\"16\" align=\"absmiddle\" border=\"0\" \/><\/a>.<\/li>\n<li>Alejo Macaya (Universidad de Buenos Aires). <a href=\"\/wp-content\/uploads\/2017\/06\/10trabajo08.pdf\" target=\"_blank\">\u00abUna Reconsideraci\u00f3n Matem\u00e1tica del Modelo de \u00abOvershooting\u00bb del Tipo de Cambio\u00bb <img decoding=\"async\" loading=\"lazy\" src=\"https:\/\/depeco.econo.unlp.edu.ar\/images\/icono-pdf.gif\" width=\"16\" height=\"16\" align=\"absmiddle\" border=\"0\" \/><\/a>.<\/li>\n<li>Martha Misas Arango; Enrique L\u00f3pez Enciso; Juana T\u00e9llez Corredor; y Jos\u00e9 Fernando Escobar Restrepo (Banco de la Rep\u00fablica). <a href=\"\/wp-content\/uploads\/2017\/06\/10trabajo09.pdf\" target=\"_blank\">\u00abLa Inflaci\u00f3n Subyacente en Colombia: Un Enfoque de Tendencias Estoc\u00e1sticas Comunes Asociadas a un VEC Estructural\u00bb <img decoding=\"async\" loading=\"lazy\" src=\"https:\/\/depeco.econo.unlp.edu.ar\/images\/icono-pdf.gif\" width=\"16\" height=\"16\" align=\"absmiddle\" border=\"0\" \/><\/a>.<\/li>\n<li>Jorge Ponce (Banco Central del Uruguay). <a href=\"\/wp-content\/uploads\/2017\/06\/10trabajo10.pdf\" target=\"_blank\">\u00ab\u00bfQui\u00e9n Debe Actuar como Prestamista de \u00daltima Instancia? El Caso Bimonetario\u00bb <img decoding=\"async\" loading=\"lazy\" src=\"https:\/\/depeco.econo.unlp.edu.ar\/images\/icono-pdf.gif\" width=\"16\" height=\"16\" align=\"absmiddle\" border=\"0\" \/><\/a>.<\/li>\n<li>Jorge M. Streb; Daniel Lema; y Gustavo Torrens (Universidad del CEMA). <a href=\"\/wp-content\/uploads\/2017\/06\/10trabajo11.pdf\" target=\"_blank\">\u00abDiscretional Political Budget Cycles and Separation of Powers\u00bb <img decoding=\"async\" loading=\"lazy\" src=\"https:\/\/depeco.econo.unlp.edu.ar\/images\/icono-pdf.gif\" width=\"16\" height=\"16\" align=\"absmiddle\" border=\"0\" \/><\/a>.<\/li>\n<\/ul>\n<p>[\/vc_column_text][\/vc_column][\/vc_row]<\/p>\n","protected":false},"excerpt":{"rendered":"<p>[vc_row content_placement=\u00bbtop\u00bb bg_image=\u00bb2083&#8243; dt_parallax_inertia=\u00bb0&#8243;][vc_column][vc_row_inner][vc_column_inner][vc_column_text] SEMINARIOS Y JORNADAS [\/vc_column_text][\/vc_column_inner][\/vc_row_inner][\/vc_column][\/vc_row][vc_row dt_row_type=\u00bbin_container\u00bb][vc_column][vc_column_text] D\u00e9cimas Jornadas de Econom\u00eda Monetaria e Internacional [\/vc_column_text][vc_column_text]Realizadas en la UNLP, los d\u00edas 12 y 13&#8230;<\/p>\n<p class=\"readmore\"><a class=\"more-btn\" href=\"https:\/\/depeco.econo.unlp.edu.ar\/?page_id=2613\">Read More<\/a><\/p>\n","protected":false},"author":1,"featured_media":0,"parent":2457,"menu_order":0,"comment_status":"closed","ping_status":"closed","template":"template-homepage.php","meta":[],"_links":{"self":[{"href":"https:\/\/depeco.econo.unlp.edu.ar\/index.php?rest_route=\/wp\/v2\/pages\/2613"}],"collection":[{"href":"https:\/\/depeco.econo.unlp.edu.ar\/index.php?rest_route=\/wp\/v2\/pages"}],"about":[{"href":"https:\/\/depeco.econo.unlp.edu.ar\/index.php?rest_route=\/wp\/v2\/types\/page"}],"author":[{"embeddable":true,"href":"https:\/\/depeco.econo.unlp.edu.ar\/index.php?rest_route=\/wp\/v2\/users\/1"}],"replies":[{"embeddable":true,"href":"https:\/\/depeco.econo.unlp.edu.ar\/index.php?rest_route=%2Fwp%2Fv2%2Fcomments&post=2613"}],"version-history":[{"count":3,"href":"https:\/\/depeco.econo.unlp.edu.ar\/index.php?rest_route=\/wp\/v2\/pages\/2613\/revisions"}],"predecessor-version":[{"id":3473,"href":"https:\/\/depeco.econo.unlp.edu.ar\/index.php?rest_route=\/wp\/v2\/pages\/2613\/revisions\/3473"}],"up":[{"embeddable":true,"href":"https:\/\/depeco.econo.unlp.edu.ar\/index.php?rest_route=\/wp\/v2\/pages\/2457"}],"wp:attachment":[{"href":"https:\/\/depeco.econo.unlp.edu.ar\/index.php?rest_route=%2Fwp%2Fv2%2Fmedia&parent=2613"}],"curies":[{"name":"wp","href":"https:\/\/api.w.org\/{rel}","templated":true}]}}