{"id":2650,"date":"2017-06-06T12:51:06","date_gmt":"2017-06-06T12:51:06","guid":{"rendered":"https:\/\/depeco.econo.unlp.edu.ar\/?page_id=2650"},"modified":"2017-06-06T12:51:06","modified_gmt":"2017-06-06T12:51:06","slug":"septimas-jornadas-de-economia-monetaria-e-internacional","status":"publish","type":"page","link":"https:\/\/depeco.econo.unlp.edu.ar\/?page_id=2650","title":{"rendered":"S\u00e9ptimas Jornadas de Econom\u00eda Monetaria e Internacional"},"content":{"rendered":"<p>[vc_row content_placement=\u00bbtop\u00bb bg_image=\u00bb2083&#8243; dt_parallax_inertia=\u00bb0&#8243;][vc_column][vc_row_inner][vc_column_inner]<div style=\"clear:both; width:100%; height:25px\"><\/div>[vc_column_text]<\/p>\n<h2><span style=\"color: #ffffff;\">SEMINARIOS Y JORNADAS<\/span><\/h2>\n<p>[\/vc_column_text][\/vc_column_inner][\/vc_row_inner][\/vc_column][\/vc_row][vc_row dt_row_type=\u00bbin_container\u00bb][vc_column]<div style=\"clear:both; width:100%; height:20px\"><\/div>[vc_column_text]<\/p>\n<h2>S\u00e9ptimas Jornadas de Econom\u00eda Monetaria e Internacional<\/h2>\n<p>[\/vc_column_text][vc_column_text]Realizadas en la UNLP, los d\u00edas 9 y 10 de mayo de 2002. Aula Magna de la Facultad de Ciencias Econ\u00f3micas de la Universidad Nacional de La Plata. Organizadas por el Departamento de Econom\u00eda.[\/vc_column_text][vc_separator border_width=\u00bb3&#8243;][vc_column_text]<strong>Comit\u00e9 Organizador<\/strong>[\/vc_column_text][vc_column_text]Jorge Carrera<br \/>\nEmilio Espino<br \/>\nAgust\u00edn L\u00f3dola<br \/>\nRicardo L\u00f3pez Murphy<br \/>\nAdolfo Sturzenegger<br \/>\nSecretario Ejecutivo: Federico Cerimedo[\/vc_column_text][vc_separator border_width=\u00bb3&#8243;][vc_column_text]<\/p>\n<h4><i class=\"fa fa-caret-right\"><\/i><strong> Programa<\/strong><\/h4>\n<p>[\/vc_column_text][vc_separator border_width=\u00bb3&#8243;][vc_column_text]<strong>Premio Profesor El\u00edas Salama<\/strong><\/p>\n<p>En el contexto de las Jornadas, el Departamento de Econom\u00eda de la Universidad Nacional de La Plata entreg\u00f3 el Premio Profesor El\u00edas Salama al mejor trabajo en temas de econom\u00eda monetaria e internacional presentado por un economista reci\u00e9n graduado.<\/p>\n<p>El jurado estuvo integrado por Hildegart Ahumada (UTDT), Huberto Ennis (Federal Reserve Bank of Richmond), Emilio Espino (UNLP), Daniel Heymann (CEPAL) y Jos\u00e9 Wynne (Duke University).<\/p>\n<p><strong>Primer premio <\/strong><br \/>\nGuillermo V\u00faletin (UNLP).<\/p>\n<p><strong>Menciones especiales <\/strong><br \/>\nMar\u00eda Eugenia Ca\u00f1\u00f3n (UNLP), Juan Mat\u00edas S\u00e1nchez (UNLP) y Jos\u00e9 Sebasti\u00e1n Vargas (Universidad de Belgrano).[\/vc_column_text][vc_separator border_width=\u00bb3&#8243;][vc_column_text]<strong>Trabajos presentados<\/strong>[\/vc_column_text][vc_column_text]<\/p>\n<ul>\n<li>Ahumada, Hildegart A. (UTDT) and Garegnani, Maria Lorena (UNLP). <a href=\"\/wp-content\/uploads\/2017\/06\/7trabajo1.pdf\" target=\"_blank\">\u00abUnderstanding Money Demand of Argentina: 1935-2000\u00bb.<\/a><\/li>\n<li>Calvo, Guillermo A. (IADB, UMD, UCEMA and NBER). <a href=\"\/wp-content\/uploads\/2017\/06\/7trabajo2.pdf\" target=\"_blank\">\u00abGlobalization Hazard and Delayed Reform in Emerging Markets\u00bb<\/a>.<\/li>\n<li>Claro, Sebastian (Universidad Cat\u00f3lica de Chile). <a href=\"\/wp-content\/uploads\/2017\/06\/7trabajo3.pdf\" target=\"_blank\">\u00abManufacturing Employment Cycle\u00bb<\/a>.<\/li>\n<li>Cruces, Juan Jos\u00e9 (Universidad de San Andr\u00e9s), Buscaglia, Marcos (IAE School of Management and Business, Universidad Austral) and Alonso, Joaqu\u00edn (Mercado Abierto). <a href=\"\/wp-content\/uploads\/2017\/06\/7trabajo4.pdf\" target=\"_blank\">\u00abThe Term Structure of Country Risk and Valuation in Emerging Markets\u00bb<\/a>.<\/li>\n<li>Ennis, Huberto (Research Department, Federal Reserve Bank of Richmond) and Keister, Todd (ITAM and University of Texas at Austin). <a href=\"\/wp-content\/uploads\/2017\/06\/7trabajo5.pdf\" target=\"_blank\">\u00abEconomic Growth, Liquidity, and Bank Runs\u00bb<\/a>.<\/li>\n<li>Kawamura, Enrique (Universidad de San Andr\u00e9s). <a href=\"\/wp-content\/uploads\/2017\/06\/7trabajo6.pdf\" target=\"_blank\">\u00abBanking in Small Open Economies with Aggregate Liquidity Shocks\u00bb<\/a>.<\/li>\n<li>Misas, Martha; Posada, Carlos Esteban y V\u00e1squez, Diego Mauricio (Banco de la Rep\u00fablica de Colombia). <a href=\"\/wp-content\/uploads\/2017\/06\/7trabajo7.pdf\" target=\"_blank\">\u00ab\u00bfEst\u00e1 Determinado el Nivel de Precios por las Expectativas de Dinero y Producto en Colombia?\u00bb<\/a>.<\/li>\n<li>Streb, Jorge M. (UCEMA); Bolzico, Javier (BCRA); Druck, Pablo (UCEMA); Henke, Alejandro (BCRA); Rutman, Jos\u00e9 (BCRA) and Sosa Escudero, Walter (UNLP). <a href=\"\/wp-content\/uploads\/2017\/06\/7trabajo8.pdf\" target=\"_blank\">\u00abBank Relationships: Effect on the Availability and Marginal Cost of Credit for Firms in Argentina\u00bb<\/a>.<\/li>\n<li>Utrera, Gast\u00f3n Ezequiel (Universidad Empresarial Siglo 21, Universidad Nacional de C\u00f3rdoba y Bolsa de Comercio de C\u00f3rdoba). <a href=\"\/wp-content\/uploads\/2017\/06\/7trabajo9.pdf\" target=\"_blank\">\u00abUn An\u00e1lisis Econom\u00e9trico del Efecto de la Pol\u00edtica Monetaria en Argentina\u00bb<\/a>.<\/li>\n<\/ul>\n<p>[\/vc_column_text][\/vc_column][\/vc_row]<\/p>\n","protected":false},"excerpt":{"rendered":"<p>[vc_row content_placement=\u00bbtop\u00bb bg_image=\u00bb2083&#8243; dt_parallax_inertia=\u00bb0&#8243;][vc_column][vc_row_inner][vc_column_inner][vc_column_text] SEMINARIOS Y JORNADAS [\/vc_column_text][\/vc_column_inner][\/vc_row_inner][\/vc_column][\/vc_row][vc_row dt_row_type=\u00bbin_container\u00bb][vc_column][vc_column_text] S\u00e9ptimas Jornadas de Econom\u00eda Monetaria e Internacional [\/vc_column_text][vc_column_text]Realizadas en la UNLP, los d\u00edas 9 y 10&#8230;<\/p>\n<p class=\"readmore\"><a class=\"more-btn\" href=\"https:\/\/depeco.econo.unlp.edu.ar\/?page_id=2650\">Read More<\/a><\/p>\n","protected":false},"author":1,"featured_media":0,"parent":2457,"menu_order":0,"comment_status":"closed","ping_status":"closed","template":"template-homepage.php","meta":[],"_links":{"self":[{"href":"https:\/\/depeco.econo.unlp.edu.ar\/index.php?rest_route=\/wp\/v2\/pages\/2650"}],"collection":[{"href":"https:\/\/depeco.econo.unlp.edu.ar\/index.php?rest_route=\/wp\/v2\/pages"}],"about":[{"href":"https:\/\/depeco.econo.unlp.edu.ar\/index.php?rest_route=\/wp\/v2\/types\/page"}],"author":[{"embeddable":true,"href":"https:\/\/depeco.econo.unlp.edu.ar\/index.php?rest_route=\/wp\/v2\/users\/1"}],"replies":[{"embeddable":true,"href":"https:\/\/depeco.econo.unlp.edu.ar\/index.php?rest_route=%2Fwp%2Fv2%2Fcomments&post=2650"}],"version-history":[{"count":1,"href":"https:\/\/depeco.econo.unlp.edu.ar\/index.php?rest_route=\/wp\/v2\/pages\/2650\/revisions"}],"predecessor-version":[{"id":2660,"href":"https:\/\/depeco.econo.unlp.edu.ar\/index.php?rest_route=\/wp\/v2\/pages\/2650\/revisions\/2660"}],"up":[{"embeddable":true,"href":"https:\/\/depeco.econo.unlp.edu.ar\/index.php?rest_route=\/wp\/v2\/pages\/2457"}],"wp:attachment":[{"href":"https:\/\/depeco.econo.unlp.edu.ar\/index.php?rest_route=%2Fwp%2Fv2%2Fmedia&parent=2650"}],"curies":[{"name":"wp","href":"https:\/\/api.w.org\/{rel}","templated":true}]}}