{"id":2737,"date":"2017-06-07T16:55:51","date_gmt":"2017-06-07T16:55:51","guid":{"rendered":"https:\/\/depeco.econo.unlp.edu.ar\/?page_id=2737"},"modified":"2017-06-07T16:55:51","modified_gmt":"2017-06-07T16:55:51","slug":"seminario-de-monografias-de-alumnos-de-economia","status":"publish","type":"page","link":"https:\/\/depeco.econo.unlp.edu.ar\/?page_id=2737","title":{"rendered":"Seminario de Monograf\u00edas de Alumnos de Econom\u00eda"},"content":{"rendered":"<p>[vc_row content_placement=\u00bbtop\u00bb bg_image=\u00bb2083&#8243; dt_parallax_inertia=\u00bb0&#8243;][vc_column][vc_row_inner][vc_column_inner]<div style=\"clear:both; width:100%; height:25px\"><\/div>[vc_column_text]<\/p>\n<h2><span style=\"color: #ffffff;\">SEMINARIOS Y JORNADAS<\/span><\/h2>\n<p>[\/vc_column_text][\/vc_column_inner][\/vc_row_inner][\/vc_column][\/vc_row][vc_row dt_row_type=\u00bbin_container\u00bb][vc_column]<div style=\"clear:both; width:100%; height:20px\"><\/div>[vc_column_text]<\/p>\n<h2>Seminario de Monograf\u00edas de Alumnos de Econom\u00eda<\/h2>\n<p>[\/vc_column_text][vc_separator border_width=\u00bb3&#8243;][vc_column_text]<strong>Trabajos presentados<\/strong>[\/vc_column_text][vc_column_text]<\/p>\n<ul>\n<li><strong>7 de Septiembre de 2012<\/strong>. Pol\u00edtica Econ\u00f3mica I. Julian Amendolaggine, Nicol\u00e1s Badaracco, David Herbotte y Sebasti\u00e1n Palacio. <a href=\"\/wp-content\/uploads\/2017\/06\/monograf2.pdf\" target=\"_blank\">Programas de Transferencias Condicionadas<\/a>. <img decoding=\"async\" loading=\"lazy\" src=\"https:\/\/depeco.econo.unlp.edu.ar\/images\/icono-pdf.gif\" width=\"16\" height=\"16\" align=\"absmiddle\" border=\"0\" \/><\/li>\n<li><strong>7 de Septiembre de 2012<\/strong>. Pol\u00edtica Econ\u00f3mica II. Sebasti\u00e1n Palacio. <a href=\"\/wp-content\/uploads\/2017\/06\/monograf1.pdf\" target=\"_blank\">Transferencia-Dependientes. Aproximaci\u00f3n Mediante Teor\u00eda de los Juegos<\/a>. <img decoding=\"async\" loading=\"lazy\" src=\"https:\/\/depeco.econo.unlp.edu.ar\/images\/icono-pdf.gif\" width=\"16\" height=\"16\" align=\"absmiddle\" border=\"0\" \/><\/li>\n<\/ul>\n<p>[\/vc_column_text][\/vc_column][\/vc_row]<\/p>\n","protected":false},"excerpt":{"rendered":"<p>[vc_row content_placement=\u00bbtop\u00bb bg_image=\u00bb2083&#8243; dt_parallax_inertia=\u00bb0&#8243;][vc_column][vc_row_inner][vc_column_inner][vc_column_text] SEMINARIOS Y JORNADAS [\/vc_column_text][\/vc_column_inner][\/vc_row_inner][\/vc_column][\/vc_row][vc_row dt_row_type=\u00bbin_container\u00bb][vc_column][vc_column_text] Seminario de Monograf\u00edas de Alumnos de Econom\u00eda [\/vc_column_text][vc_separator border_width=\u00bb3&#8243;][vc_column_text]Trabajos presentados[\/vc_column_text][vc_column_text] 7 de Septiembre de 2012. Pol\u00edtica&#8230;<\/p>\n<p class=\"readmore\"><a class=\"more-btn\" href=\"https:\/\/depeco.econo.unlp.edu.ar\/?page_id=2737\">Read More<\/a><\/p>\n","protected":false},"author":1,"featured_media":0,"parent":2295,"menu_order":0,"comment_status":"closed","ping_status":"closed","template":"template-homepage.php","meta":[],"_links":{"self":[{"href":"https:\/\/depeco.econo.unlp.edu.ar\/index.php?rest_route=\/wp\/v2\/pages\/2737"}],"collection":[{"href":"https:\/\/depeco.econo.unlp.edu.ar\/index.php?rest_route=\/wp\/v2\/pages"}],"about":[{"href":"https:\/\/depeco.econo.unlp.edu.ar\/index.php?rest_route=\/wp\/v2\/types\/page"}],"author":[{"embeddable":true,"href":"https:\/\/depeco.econo.unlp.edu.ar\/index.php?rest_route=\/wp\/v2\/users\/1"}],"replies":[{"embeddable":true,"href":"https:\/\/depeco.econo.unlp.edu.ar\/index.php?rest_route=%2Fwp%2Fv2%2Fcomments&post=2737"}],"version-history":[{"count":1,"href":"https:\/\/depeco.econo.unlp.edu.ar\/index.php?rest_route=\/wp\/v2\/pages\/2737\/revisions"}],"predecessor-version":[{"id":2740,"href":"https:\/\/depeco.econo.unlp.edu.ar\/index.php?rest_route=\/wp\/v2\/pages\/2737\/revisions\/2740"}],"up":[{"embeddable":true,"href":"https:\/\/depeco.econo.unlp.edu.ar\/index.php?rest_route=\/wp\/v2\/pages\/2295"}],"wp:attachment":[{"href":"https:\/\/depeco.econo.unlp.edu.ar\/index.php?rest_route=%2Fwp%2Fv2%2Fmedia&parent=2737"}],"curies":[{"name":"wp","href":"https:\/\/api.w.org\/{rel}","templated":true}]}}