{"id":4268,"date":"2024-02-28T14:48:26","date_gmt":"2024-02-28T14:48:26","guid":{"rendered":"https:\/\/depeco.econo.unlp.edu.ar\/?page_id=4268"},"modified":"2024-12-04T17:23:38","modified_gmt":"2024-12-04T17:23:38","slug":"seminario-de-economia-ciclo-2024","status":"publish","type":"page","link":"https:\/\/depeco.econo.unlp.edu.ar\/?page_id=4268","title":{"rendered":"Seminario de Econom\u00eda ciclo 2024"},"content":{"rendered":"<p>[vc_row content_placement=\u00bbtop\u00bb bg_image=\u00bb2083&#8243; dt_parallax_inertia=\u00bb0&#8243;][vc_column][vc_row_inner][vc_column_inner]<div style=\"clear:both; width:100%; height:25px\"><\/div>[vc_column_text]<\/p>\n<h2><span style=\"color: #ffffff;\">SEMINARIOS Y JORNADAS<\/span><\/h2>\n<p>[\/vc_column_text][\/vc_column_inner][\/vc_row_inner][\/vc_column][\/vc_row]<\/p>\n\n\n<p>[vc_row dt_row_type=\u00bbin_container\u00bb][vc_column]<div style=\"clear:both; width:100%; height:20px\"><\/div>[vc_column_text]<\/p>\n<h2>Seminario de Econom\u00eda ciclo 2024<\/h2>\n<p>[\/vc_column_text][vc_column_text]<\/p>\n<ul>\n<li><strong>12 de marzo: Noela Ringo (ESRF)<\/strong><br \/>\nT\u00edtulo: SMS Campaign to Increase COVID-19 Vaccine Take-up in Tanzania<br \/>\nAutores: Noela Ringo (ESRF)<\/li>\n<li><strong>22 de marzo: Andreas Stegmann (University of Warwick)<\/strong><br \/>\nT\u00edtulo: Turnover, Morale and Performance in Bureaucracies: Evidence from Indonesian Villages<br \/>\nAutores: Samuel Bazzi (UC San Diego), Masyhur Hilmy (University of New South Wales), Ben Marx (Boston University), Mahvish Shaukat (World Bank) &amp; Andreas Stegmann (University of Warwick)<\/li>\n<li><strong>12 de abril: Graciela Sanroman (dECON UdelaR)<\/strong><br \/>\nT\u00edtulo: Consumer Debt and Poverty: the Default Risk Gap<br \/>\nAutores: Luc\u00eda Bertoletti, Fernando Borraz y Graciela Sanroman (dECON UdelaR)<\/li>\n<li><strong>26 de abril: Judit Vall Castell\u00f3 (Universitat de Barcelona)<\/strong><br \/>\nT\u00edtulo: Hit Where It Hurts: Healthcare Access and Intimate Partner Violence<br \/>\nAutores: Cristina Belles-Obrero (Universitat de Barcelona, IEB &amp; IZA), Caoimhe T. Rice (University of York) &amp; Judit Vall Castello (Universitat de Barcelona &amp; IEB)<\/li>\n<li><strong>2 de mayo: Andrew Foster (Brown University)<\/strong><br \/>\nT\u00edtulo: Start What You Finish! Ex Ante Risk and Schooling Investments in the Presence of Dynamic Complementarities<br \/>\nAutores: Andrew Foster (Brown University) &amp; Esther Gehrke (Wageningen University)<\/li>\n<li><strong>10 de mayo: Jaime Arellano-Bover (Yale University)<\/strong><br \/>\nT\u00edtulo: One Cohort at a Time: A New Perspective on the Declining Gender Pay Gap<br \/>\nAutores: Jaime Arellano-Bover (Yale University, IZA &amp; CESifo), Nicola Bianchi (Northwestern University &amp; NBER), Salvatore Lattanzio (Bank of Italy) &amp; Matteo Paradisi (EIEF &amp; CEPR)<\/li>\n<li><strong>17 de mayo: Pedro Sant&#8217;Anna (Emory University)<\/strong><br \/>\nT\u00edtulo: What\u2019s trending in difference-in-differences? A synthesis of the recent econometrics literature<br \/>\nAutores: Jonathan Roth (Brown University), Pedro H.C. Sant\u2019Anna (Emory University), Alyssa Bilinski (Brown University) &amp; John Poe (University of Michigan)<\/li>\n<li><strong>21 de mayo: Carolina L\u00f3pez (World Bank)<\/strong><br \/>\nT\u00edtulo: Do Patients Value High-Quality Medical Care? Experimental Evidence from Malaria Diagnosis and Treatment<br \/>\nAutores: Carolina Lopez (World Bank), Anja Sautmann (World Bank) y Simone Schaner (University of Southern California, BREAD &amp; NBER)<\/li>\n<li><strong>24 de mayo: Fernanda Rojas (University of Wisconsin-Madison)<\/strong><br \/>\nT\u00edtulo: Who Benefits from a Maternity Leave Extension? Evidence from Chile<br \/>\nAutora: Fernanda Rojas Ampuero (University of Wisconsin-Madison)<\/li>\n<li><strong>14 de junio: Camila Navajas Ahumada (UTDT)<\/strong><br \/>\nT\u00edtulo: Intergenerational Persistence of Intimate Partner Violence: Evidence from African Women<br \/>\nAutores: Camila Navajas Ahumada (UTDT), Juan Hern\u00e1ndez-Leal (University of California San Diego) &amp; Frances Lu (California Department of Social Services)<\/li>\n<li><strong>28 de junio: Mar\u00eda Micaela Sviatschi (Princeton University)<\/strong><br \/>\nT\u00edtulo: Breaking the Gang: A Preventive Approach to Reduce Recruitment in Schools<br \/>\nAutores: Eleno Castro (Johns Hopkins University), Felipe Coy (Princeton University), Carlos Schmidt-Padilla (University of Pennsylvania) &amp; Mar\u00eda Micaela Sviatschi (Princeton University)<\/li>\n<li><strong>2 de agosto: Santiago Hermo (Brown University)<\/strong><br \/>\nT\u00edtulo: Firms and the Evolution of Earnings Inequality in Argentina\u2019s Volatile Economy<br \/>\nAutores: Santiago Hermo (Brown University), Mart\u00edn Trombetta (CONICET &amp; Fundar) &amp; Nicol\u00e1s Sidicaro (Fundar)<\/li>\n<li><strong>9 de agosto: Esteban Aucejo (ASU)<\/strong><br \/>\nT\u00edtulo: Assessing the Costs of Balancing College and Work Activities: The Gig Economy Meets Online Education<br \/>\nAutores:  Esteban Aucejo (Arizona State University), Spencer Perry (Arizona State University) &amp; Basit Zafar (University of Michigan)<\/li>\n<li><strong>23 de agosto: Valeria Merlo (University of T\u00fcbingen &amp; CESifo)<\/strong><br \/>\nT\u00edtulo: Corporate Taxation and Firm Productivity<br \/>\nAutores: Svea Holtmann (University of Mannheim), Dominika Langenmayr, (KU Eichst\u00e4tt-Ingolstadt), Valeria Merlo (University of T\u00fcbingen &amp; CESifo) &amp; Georg Wamser (University of T\u00fcbingen)<\/li>\n<li><strong>6 de septiembre: Mar\u00eda Lombardi (UTDT)<\/strong><br \/>\nT\u00edtulo: Money and lies: proxy respondents and the mismeasurement of income in surveys<br \/>\nAutores: Ricardo Estrada (CAF), Daniela Goyheix (CAF) y Mar\u00eda Lombardi (UTDT)<\/li>\n<li><strong>20 de septiembre: Juan Sebasti\u00e1n Ivars (Sciences Po)<\/strong><br \/>\nT\u00edtulo: Contract Shifting vs Contract Splitting in Public Procurement<br \/>\nAutores:  Juan Sebasti\u00e1n Ivars (Sciences Po) e Isac Antonio Olave Cruz (Dauphine)<\/li>\n<li><strong>4 de octubre: Javier Alejo (IECON-UDELAR-SNI)<\/strong><br \/>\nT\u00edtulo: Unconditional quantile partial effects under endogeneity<br \/>\nAutores: Javier Alejo (IECON-UDELAR-SNI), Sergio Firpo (Insper), Antonio Galvao (Michigan State University), Juli\u00e1n Martinez-Iriarte (UC Santa Cruz) &amp; Gabriel Montes-Rojas (CONICET-UBA)<\/li>\n<li><strong>5 de noviembre: Mariana Rodr\u00edguez Vivas (IECON-UDELAR)<\/strong><br \/>\nT\u00edtulo: Willingness to compensate for unequal circumstances: Evidence based on an experimental questionnaire<br \/>\nAutores: Elisa Failache (IECON-UDELAR), Mart\u00edn Leites  (IECON-UDELAR), Xavier Ramos (Universitat Aut\u00f2noma de Barcelona), Mariana Rodr\u00edguez Vivas (IECON-UDELAR) y Gonzalo Salas (IECON-UDELAR)<\/li>\n<li><strong>12 de noviembre: Mattia Fracchia (IE University &#038; NOVAFRICA)<\/strong><br \/>\nT\u00edtulo: Does Performance Evidence Motivate? A Field Experiment in Guinea-Bissau\u2019s Health Sector<br \/>\nAutor: Mattia Fracchia (IE University &#038; NOVAFRICA)<\/li>\n<li><strong>10 de diciembre: Ignacio Gonzalez Garcia (American University)<\/strong><br \/>\nT\u00edtulo: Geographical Mobility as Bridge to Opportunity: Evidence from the Spanish Military Service<br \/>\nAutores: Julio Caceres-Delpiano (UC3M), Antoni-Italo de Moragas (CUNEF), Gabriel Facchini (King&#8217;s College) y Ignacio Gonz\u00e1lez (American University)<\/li>\n<li><strong>11 de diciembre: Erhan Artuc (World Bank) y Bob Rijkers (World Bank)<\/strong><br \/>\nT\u00edtulo: Crops, Conflict and Climate Change<br \/>\nAutores: Erhan Artuc (World Bank), Guido Porto (UNLP) y Bob Rijkers (World Bank)<\/li>\n<\/ul>\n<p>[\/vc_column_text][\/vc_column][\/vc_row]<\/p>\n","protected":false},"excerpt":{"rendered":"[vc_row content_placement=\"top\" bg_image=\"2083\" dt_parallax_inertia=\"0\"][vc_column][vc_row_inner][vc_column_inner][vc_column_text] SEMINARIOS Y JORNADAS [\/vc_column_text][\/vc_column_inner][\/vc_row_inner][\/vc_column][\/vc_row] [vc_row dt_row_type=\"in_container\"][vc_column][vc_column_text] Seminario de Econom\u00eda ciclo 2024 [\/vc_column_text][vc_column_text] 12 de marzo: Noela Ringo (ESRF) T\u00edtulo: SMS Campaign...<p class=\"readmore\"><a class=\"more-btn\" href=\"https:\/\/depeco.econo.unlp.edu.ar\/?page_id=4268\">Read More<\/a><\/p>","protected":false},"author":2,"featured_media":0,"parent":2317,"menu_order":0,"comment_status":"closed","ping_status":"closed","template":"template-homepage.php","meta":[],"_links":{"self":[{"href":"https:\/\/depeco.econo.unlp.edu.ar\/index.php?rest_route=\/wp\/v2\/pages\/4268"}],"collection":[{"href":"https:\/\/depeco.econo.unlp.edu.ar\/index.php?rest_route=\/wp\/v2\/pages"}],"about":[{"href":"https:\/\/depeco.econo.unlp.edu.ar\/index.php?rest_route=\/wp\/v2\/types\/page"}],"author":[{"embeddable":true,"href":"https:\/\/depeco.econo.unlp.edu.ar\/index.php?rest_route=\/wp\/v2\/users\/2"}],"replies":[{"embeddable":true,"href":"https:\/\/depeco.econo.unlp.edu.ar\/index.php?rest_route=%2Fwp%2Fv2%2Fcomments&post=4268"}],"version-history":[{"count":14,"href":"https:\/\/depeco.econo.unlp.edu.ar\/index.php?rest_route=\/wp\/v2\/pages\/4268\/revisions"}],"predecessor-version":[{"id":4329,"href":"https:\/\/depeco.econo.unlp.edu.ar\/index.php?rest_route=\/wp\/v2\/pages\/4268\/revisions\/4329"}],"up":[{"embeddable":true,"href":"https:\/\/depeco.econo.unlp.edu.ar\/index.php?rest_route=\/wp\/v2\/pages\/2317"}],"wp:attachment":[{"href":"https:\/\/depeco.econo.unlp.edu.ar\/index.php?rest_route=%2Fwp%2Fv2%2Fmedia&parent=4268"}],"curies":[{"name":"wp","href":"https:\/\/api.w.org\/{rel}","templated":true}]}}